{"id":839,"date":"2024-03-13T18:02:48","date_gmt":"2024-03-13T21:02:48","guid":{"rendered":"https:\/\/meuherba.com\/?page_id=839"},"modified":"2024-03-21T17:45:56","modified_gmt":"2024-03-21T20:45:56","slug":"nutri-soup-creme-verde-416g","status":"publish","type":"page","link":"https:\/\/meuherba.com\/index.php\/nutri-soup-creme-verde-416g\/","title":{"rendered":"Nutri Soup Creme Verde 416g"},"content":{"rendered":"\t\t<div data-elementor-type=\"wp-page\" data-elementor-id=\"839\" class=\"elementor elementor-839\" data-elementor-post-type=\"page\">\n\t\t\t\t<div class=\"elementor-element elementor-element-36a9ef1 e-flex e-con-boxed e-con e-parent\" data-id=\"36a9ef1\" data-element_type=\"container\" data-settings=\"{&quot;content_width&quot;:&quot;boxed&quot;}\" data-core-v316-plus=\"true\">\n\t\t\t\t\t<div class=\"e-con-inner\">\n\t\t<div class=\"elementor-element elementor-element-6d530b6 e-con-full e-flex e-con e-child\" data-id=\"6d530b6\" data-element_type=\"container\" data-settings=\"{&quot;content_width&quot;:&quot;full&quot;}\">\n\t\t\t\t<div class=\"elementor-element elementor-element-08a0d0a elementor-widget elementor-widget-image\" data-id=\"08a0d0a\" data-element_type=\"widget\" data-widget_type=\"image.default\">\n\t\t\t\t<div class=\"elementor-widget-container\">\n\t\t\t<style>\/*! elementor - v3.19.0 - 28-02-2024 *\/\n.elementor-widget-image{text-align:center}.elementor-widget-image a{display:inline-block}.elementor-widget-image a img[src$=\".svg\"]{width:48px}.elementor-widget-image img{vertical-align:middle;display:inline-block}<\/style>\t\t\t\t\t\t\t\t\t\t<img fetchpriority=\"high\" decoding=\"async\" width=\"303\" height=\"320\" src=\"https:\/\/meuherba.com\/wp-content\/uploads\/2024\/03\/1b-3613-nutri-so.webp\" class=\"attachment-large size-large wp-image-190\" alt=\"\" srcset=\"https:\/\/meuherba.com\/wp-content\/uploads\/2024\/03\/1b-3613-nutri-so.webp 303w, https:\/\/meuherba.com\/wp-content\/uploads\/2024\/03\/1b-3613-nutri-so-284x300.webp 284w, https:\/\/meuherba.com\/wp-content\/uploads\/2024\/03\/1b-3613-nutri-so-64x68.webp 64w\" sizes=\"(max-width: 303px) 100vw, 303px\" \/>\t\t\t\t\t\t\t\t\t\t\t\t\t<\/div>\n\t\t\t\t<\/div>\n\t\t\t\t<\/div>\n\t\t<div class=\"elementor-element elementor-element-29c6689 e-con-full e-flex e-con e-child\" data-id=\"29c6689\" data-element_type=\"container\" data-settings=\"{&quot;content_width&quot;:&quot;full&quot;}\">\n\t\t\t\t<div class=\"elementor-element elementor-element-5ba2dcf elementor-widget elementor-widget-heading\" data-id=\"5ba2dcf\" data-element_type=\"widget\" data-widget_type=\"heading.default\">\n\t\t\t\t<div class=\"elementor-widget-container\">\n\t\t\t<style>\/*! elementor - v3.19.0 - 28-02-2024 *\/\n.elementor-heading-title{padding:0;margin:0;line-height:1}.elementor-widget-heading .elementor-heading-title[class*=elementor-size-]>a{color:inherit;font-size:inherit;line-height:inherit}.elementor-widget-heading .elementor-heading-title.elementor-size-small{font-size:15px}.elementor-widget-heading .elementor-heading-title.elementor-size-medium{font-size:19px}.elementor-widget-heading .elementor-heading-title.elementor-size-large{font-size:29px}.elementor-widget-heading .elementor-heading-title.elementor-size-xl{font-size:39px}.elementor-widget-heading .elementor-heading-title.elementor-size-xxl{font-size:59px}<\/style><h2 class=\"elementor-heading-title elementor-size-default\">Nutri Soup Creme Verde 416g\n\n<\/h2>\t\t<\/div>\n\t\t\t\t<\/div>\n\t\t\t\t<div class=\"elementor-element elementor-element-2cb9e1e elementor-widget elementor-widget-text-editor\" data-id=\"2cb9e1e\" data-element_type=\"widget\" data-widget_type=\"text-editor.default\">\n\t\t\t\t<div class=\"elementor-widget-container\">\n\t\t\t<style>\/*! elementor - v3.19.0 - 28-02-2024 *\/\n.elementor-widget-text-editor.elementor-drop-cap-view-stacked .elementor-drop-cap{background-color:#69727d;color:#fff}.elementor-widget-text-editor.elementor-drop-cap-view-framed .elementor-drop-cap{color:#69727d;border:3px solid;background-color:transparent}.elementor-widget-text-editor:not(.elementor-drop-cap-view-default) .elementor-drop-cap{margin-top:8px}.elementor-widget-text-editor:not(.elementor-drop-cap-view-default) .elementor-drop-cap-letter{width:1em;height:1em}.elementor-widget-text-editor .elementor-drop-cap{float:left;text-align:center;line-height:1;font-size:50px}.elementor-widget-text-editor .elementor-drop-cap-letter{display:inline-block}<\/style>\t\t\t\t<p>Obs: caso seu sabor n\u00e3o seja esse, fale agora mesmo qual sabor voc\u00ea deseja clicando no bot\u00e3o abaixo\u00a0<\/p>\t\t\t\t\t\t<\/div>\n\t\t\t\t<\/div>\n\t\t\t\t<div class=\"elementor-element elementor-element-de12f15 elementor-align-left elementor-mobile-align-center elementor-widget elementor-widget-button\" data-id=\"de12f15\" data-element_type=\"widget\" data-widget_type=\"button.default\">\n\t\t\t\t<div class=\"elementor-widget-container\">\n\t\t\t\t\t<div class=\"elementor-button-wrapper\">\n\t\t\t<a class=\"elementor-button elementor-button-link elementor-size-sm\" href=\"https:\/\/api.whatsapp.com\/send?phone=5511971829371&#038;text=Ol%C3%A1,%20gostaria%20de%20adquirir%20Nutri%20Soup\">\n\t\t\t\t\t\t<span class=\"elementor-button-content-wrapper\">\n\t\t\t\t\t\t<span class=\"elementor-button-text\">Quero adiquirir<\/span>\n\t\t<\/span>\n\t\t\t\t\t<\/a>\n\t\t<\/div>\n\t\t\t\t<\/div>\n\t\t\t\t<\/div>\n\t\t\t\t<\/div>\n\t\t\t\t\t<\/div>\n\t\t\t\t<\/div>\n\t\t<div class=\"elementor-element elementor-element-168eb24 e-flex e-con-boxed e-con e-parent\" data-id=\"168eb24\" data-element_type=\"container\" data-settings=\"{&quot;background_background&quot;:&quot;classic&quot;,&quot;content_width&quot;:&quot;boxed&quot;}\" data-core-v316-plus=\"true\">\n\t\t\t\t\t<div class=\"e-con-inner\">\n\t\t\t\t\t<\/div>\n\t\t\t\t<\/div>\n\t\t<div class=\"elementor-element elementor-element-dffd8ee e-flex e-con-boxed e-con e-parent\" data-id=\"dffd8ee\" data-element_type=\"container\" data-settings=\"{&quot;content_width&quot;:&quot;boxed&quot;}\" data-core-v316-plus=\"true\">\n\t\t\t\t\t<div class=\"e-con-inner\">\n\t\t<div class=\"elementor-element elementor-element-3c0211a e-con-full e-flex e-con e-child\" data-id=\"3c0211a\" data-element_type=\"container\" data-settings=\"{&quot;content_width&quot;:&quot;full&quot;}\">\n\t\t\t\t<div class=\"elementor-element elementor-element-e92e4a1 elementor-widget elementor-widget-heading\" data-id=\"e92e4a1\" data-element_type=\"widget\" data-widget_type=\"heading.default\">\n\t\t\t\t<div class=\"elementor-widget-container\">\n\t\t\t<h2 class=\"elementor-heading-title elementor-size-default\">NUTRI SOUP* | NUTRI\u00c7\u00c3O COM SABOR E EQUIL\u00cdBRIO\n<\/h2>\t\t<\/div>\n\t\t\t\t<\/div>\n\t\t\t\t<div class=\"elementor-element elementor-element-3e871dd elementor-widget elementor-widget-text-editor\" data-id=\"3e871dd\" data-element_type=\"widget\" data-widget_type=\"text-editor.default\">\n\t\t\t\t<div class=\"elementor-widget-container\">\n\t\t\t\t\t\t\t<p>A F\u00f3rmula 1 Nutri Soup \u00e9 uma sopa especialmente desenvolvida para ser inclu\u00edda em um programa de gerenciamento de peso e contribuir para uma dieta nutritiva e saud\u00e1vel.\u00a0Pode fornecer nutrientes que n\u00e3o s\u00e3o consumidos em quantidades suficientes e dar saciedade diminuindo a fome entre as refei\u00e7\u00f5es;<\/p><p>Fornece prote\u00ednas de alto valor biol\u00f3gico, fibras sol\u00favel e insol\u00favel e um excelente perfil de vitaminas e minerais, incluindo antioxidantes.<\/p><p>Op\u00e7\u00e3o pr\u00e1tica para lanches ou para consumir antes das refei\u00e7\u00f5es principais, \u00e9\u00a0uma ferramenta \u00fatil para perda, manuten\u00e7\u00e3o ou ganho de peso.<\/p>\t\t\t\t\t\t<\/div>\n\t\t\t\t<\/div>\n\t\t\t\t<\/div>\n\t\t<div class=\"elementor-element elementor-element-0ae2d1b e-con-full e-flex e-con e-child\" data-id=\"0ae2d1b\" data-element_type=\"container\" data-settings=\"{&quot;content_width&quot;:&quot;full&quot;}\">\n\t\t\t\t<div class=\"elementor-element elementor-element-071f9a6 elementor-widget elementor-widget-heading\" data-id=\"071f9a6\" data-element_type=\"widget\" data-widget_type=\"heading.default\">\n\t\t\t\t<div class=\"elementor-widget-container\">\n\t\t\t<h2 class=\"elementor-heading-title elementor-size-default\">COMO FUNCIONA\n<\/h2>\t\t<\/div>\n\t\t\t\t<\/div>\n\t\t\t\t<div class=\"elementor-element elementor-element-9648573 elementor-widget elementor-widget-text-editor\" data-id=\"9648573\" data-element_type=\"widget\" data-widget_type=\"text-editor.default\">\n\t\t\t\t<div class=\"elementor-widget-container\">\n\t\t\t\t\t\t\t<p>A Nutri Soup* \u00e9 uma op\u00e7\u00e3o salgada para substituir a refei\u00e7\u00e3o. Oferece as quantidades adequadas de prote\u00ednas, vitaminas e minerais, al\u00e9m de calorias controladas para substituir at\u00e9 2 refei\u00e7\u00f5es di\u00e1rias.<\/p><p>Possuem a quantidade ideal de carboidratos, prote\u00ednas e gorduras, sem agregar calorias desnecess\u00e1rias, cont\u00eam os nutrientes necess\u00e1rios para\u00a0 o bom funcionamento do organismo.<\/p><p>Fornecem 23 vitaminas e minerais, fornecem 18 g de prote\u00ednas por por\u00e7\u00e3o, 100% das prote\u00ednas s\u00e3o de alto valor biol\u00f3gico, cont\u00eam todos os amino\u00e1cidos essenciais em propor\u00e7\u00f5es ideais para suprir as necessidades de prote\u00ednas do organismo, Cont\u00eam mais de 1\/3 das necessidades di\u00e1rias de c\u00e1lcio.<\/p><p>\u00a0<\/p>\t\t\t\t\t\t<\/div>\n\t\t\t\t<\/div>\n\t\t\t\t<\/div>\n\t\t\t\t\t<\/div>\n\t\t\t\t<\/div>\n\t\t<div class=\"elementor-element elementor-element-f35e450 e-flex e-con-boxed e-con e-parent\" data-id=\"f35e450\" data-element_type=\"container\" data-settings=\"{&quot;background_background&quot;:&quot;classic&quot;,&quot;content_width&quot;:&quot;boxed&quot;}\" data-core-v316-plus=\"true\">\n\t\t\t\t\t<div class=\"e-con-inner\">\n\t\t<div class=\"elementor-element elementor-element-d5b8698 e-con-full e-flex e-con e-child\" data-id=\"d5b8698\" data-element_type=\"container\" data-settings=\"{&quot;content_width&quot;:&quot;full&quot;}\">\n\t\t\t\t<div class=\"elementor-element elementor-element-75f50ea elementor-widget elementor-widget-image\" data-id=\"75f50ea\" data-element_type=\"widget\" data-widget_type=\"image.default\">\n\t\t\t\t<div class=\"elementor-widget-container\">\n\t\t\t\t\t\t\t\t\t\t\t\t\t<img decoding=\"async\" width=\"800\" height=\"591\" src=\"https:\/\/meuherba.com\/wp-content\/uploads\/2024\/03\/47-1819c-nutri-soup-creme-ve-1024x757.png\" class=\"attachment-large size-large wp-image-842\" alt=\"\" srcset=\"https:\/\/meuherba.com\/wp-content\/uploads\/2024\/03\/47-1819c-nutri-soup-creme-ve-1024x757.png 1024w, https:\/\/meuherba.com\/wp-content\/uploads\/2024\/03\/47-1819c-nutri-soup-creme-ve-300x222.png 300w, https:\/\/meuherba.com\/wp-content\/uploads\/2024\/03\/47-1819c-nutri-soup-creme-ve-768x568.png 768w, https:\/\/meuherba.com\/wp-content\/uploads\/2024\/03\/47-1819c-nutri-soup-creme-ve-1536x1135.png 1536w, https:\/\/meuherba.com\/wp-content\/uploads\/2024\/03\/47-1819c-nutri-soup-creme-ve-1320x975.png 1320w, https:\/\/meuherba.com\/wp-content\/uploads\/2024\/03\/47-1819c-nutri-soup-creme-ve.png 2000w\" sizes=\"(max-width: 800px) 100vw, 800px\" \/>\t\t\t\t\t\t\t\t\t\t\t\t\t<\/div>\n\t\t\t\t<\/div>\n\t\t\t\t<\/div>\n\t\t<div class=\"elementor-element elementor-element-8b31a85 e-con-full e-flex e-con e-child\" data-id=\"8b31a85\" data-element_type=\"container\" data-settings=\"{&quot;content_width&quot;:&quot;full&quot;}\">\n\t\t\t\t<div class=\"elementor-element elementor-element-bf43ee8 elementor-widget elementor-widget-image\" data-id=\"bf43ee8\" data-element_type=\"widget\" data-widget_type=\"image.default\">\n\t\t\t\t<div class=\"elementor-widget-container\">\n\t\t\t\t\t\t\t\t\t\t\t\t\t<img decoding=\"async\" width=\"530\" height=\"300\" src=\"https:\/\/meuherba.com\/wp-content\/uploads\/2024\/03\/47-7499b-nutri-soup-creme-ve.png\" class=\"attachment-large size-large wp-image-843\" alt=\"\" srcset=\"https:\/\/meuherba.com\/wp-content\/uploads\/2024\/03\/47-7499b-nutri-soup-creme-ve.png 530w, https:\/\/meuherba.com\/wp-content\/uploads\/2024\/03\/47-7499b-nutri-soup-creme-ve-300x170.png 300w\" sizes=\"(max-width: 530px) 100vw, 530px\" \/>\t\t\t\t\t\t\t\t\t\t\t\t\t<\/div>\n\t\t\t\t<\/div>\n\t\t\t\t<\/div>\n\t\t\t\t\t<\/div>\n\t\t\t\t<\/div>\n\t\t<div class=\"elementor-element elementor-element-134144e e-flex e-con-boxed e-con e-parent\" data-id=\"134144e\" data-element_type=\"container\" data-settings=\"{&quot;content_width&quot;:&quot;boxed&quot;}\" data-core-v316-plus=\"true\">\n\t\t\t\t\t<div class=\"e-con-inner\">\n\t\t\t\t<div class=\"elementor-element elementor-element-5cb7059 elementor-widget elementor-widget-heading\" data-id=\"5cb7059\" data-element_type=\"widget\" data-widget_type=\"heading.default\">\n\t\t\t\t<div class=\"elementor-widget-container\">\n\t\t\t<h2 class=\"elementor-heading-title elementor-size-default\">INFORMA\u00c7\u00c3O NUTRICIONAL\n<\/h2>\t\t<\/div>\n\t\t\t\t<\/div>\n\t\t\t\t<div class=\"elementor-element elementor-element-1b4a92a elementor-widget elementor-widget-image\" data-id=\"1b4a92a\" data-element_type=\"widget\" data-widget_type=\"image.default\">\n\t\t\t\t<div class=\"elementor-widget-container\">\n\t\t\t\t\t\t\t\t\t\t\t\t\t<img loading=\"lazy\" decoding=\"async\" width=\"800\" height=\"936\" src=\"https:\/\/meuherba.com\/wp-content\/uploads\/2024\/03\/47-5863d-nutri-soup-creme-ve-875x1024.png\" class=\"attachment-large size-large wp-image-844\" alt=\"\" srcset=\"https:\/\/meuherba.com\/wp-content\/uploads\/2024\/03\/47-5863d-nutri-soup-creme-ve-875x1024.png 875w, https:\/\/meuherba.com\/wp-content\/uploads\/2024\/03\/47-5863d-nutri-soup-creme-ve-256x300.png 256w, https:\/\/meuherba.com\/wp-content\/uploads\/2024\/03\/47-5863d-nutri-soup-creme-ve-768x899.png 768w, https:\/\/meuherba.com\/wp-content\/uploads\/2024\/03\/47-5863d-nutri-soup-creme-ve-1312x1536.png 1312w, https:\/\/meuherba.com\/wp-content\/uploads\/2024\/03\/47-5863d-nutri-soup-creme-ve-1320x1546.png 1320w, https:\/\/meuherba.com\/wp-content\/uploads\/2024\/03\/47-5863d-nutri-soup-creme-ve.png 1749w\" sizes=\"(max-width: 800px) 100vw, 800px\" \/>\t\t\t\t\t\t\t\t\t\t\t\t\t<\/div>\n\t\t\t\t<\/div>\n\t\t\t\t\t<\/div>\n\t\t\t\t<\/div>\n\t\t\t\t<\/div>\n\t\t","protected":false},"excerpt":{"rendered":"<p>Nutri Soup Creme Verde 416g Obs: caso seu sabor n\u00e3o seja esse, fale agora mesmo qual sabor voc\u00ea deseja clicando no bot\u00e3o abaixo\u00a0 Quero adiquirir NUTRI SOUP* | NUTRI\u00c7\u00c3O COM SABOR E EQUIL\u00cdBRIO A F\u00f3rmula 1 Nutri Soup \u00e9 uma sopa especialmente desenvolvida para ser inclu\u00edda em um programa de gerenciamento de peso e contribuir [&hellip;]<\/p>\n","protected":false},"author":1,"featured_media":0,"parent":0,"menu_order":0,"comment_status":"closed","ping_status":"closed","template":"elementor_header_footer","meta":{"footnotes":""},"_links":{"self":[{"href":"https:\/\/meuherba.com\/index.php\/wp-json\/wp\/v2\/pages\/839"}],"collection":[{"href":"https:\/\/meuherba.com\/index.php\/wp-json\/wp\/v2\/pages"}],"about":[{"href":"https:\/\/meuherba.com\/index.php\/wp-json\/wp\/v2\/types\/page"}],"author":[{"embeddable":true,"href":"https:\/\/meuherba.com\/index.php\/wp-json\/wp\/v2\/users\/1"}],"replies":[{"embeddable":true,"href":"https:\/\/meuherba.com\/index.php\/wp-json\/wp\/v2\/comments?post=839"}],"version-history":[{"count":19,"href":"https:\/\/meuherba.com\/index.php\/wp-json\/wp\/v2\/pages\/839\/revisions"}],"predecessor-version":[{"id":2127,"href":"https:\/\/meuherba.com\/index.php\/wp-json\/wp\/v2\/pages\/839\/revisions\/2127"}],"wp:attachment":[{"href":"https:\/\/meuherba.com\/index.php\/wp-json\/wp\/v2\/media?parent=839"}],"curies":[{"name":"wp","href":"https:\/\/api.w.org\/{rel}","templated":true}]}}