{"id":738,"date":"2024-03-13T13:02:29","date_gmt":"2024-03-13T16:02:29","guid":{"rendered":"https:\/\/meuherba.com\/?page_id=738"},"modified":"2024-03-21T17:35:02","modified_gmt":"2024-03-21T20:35:02","slug":"protein-powder","status":"publish","type":"page","link":"https:\/\/meuherba.com\/index.php\/protein-powder\/","title":{"rendered":"Protein Powder\u00a0"},"content":{"rendered":"\t\t<div data-elementor-type=\"wp-page\" data-elementor-id=\"738\" class=\"elementor elementor-738\" data-elementor-post-type=\"page\">\n\t\t\t\t<div class=\"elementor-element elementor-element-aaa7e17 e-flex e-con-boxed e-con e-parent\" data-id=\"aaa7e17\" data-element_type=\"container\" data-settings=\"{&quot;content_width&quot;:&quot;boxed&quot;}\" data-core-v316-plus=\"true\">\n\t\t\t\t\t<div class=\"e-con-inner\">\n\t\t<div class=\"elementor-element elementor-element-8219eaf e-con-full e-flex e-con e-child\" data-id=\"8219eaf\" data-element_type=\"container\" data-settings=\"{&quot;content_width&quot;:&quot;full&quot;}\">\n\t\t\t\t<div class=\"elementor-element elementor-element-106f747 elementor-widget elementor-widget-image\" data-id=\"106f747\" data-element_type=\"widget\" data-widget_type=\"image.default\">\n\t\t\t\t<div class=\"elementor-widget-container\">\n\t\t\t<style>\/*! elementor - v3.19.0 - 28-02-2024 *\/\n.elementor-widget-image{text-align:center}.elementor-widget-image a{display:inline-block}.elementor-widget-image a img[src$=\".svg\"]{width:48px}.elementor-widget-image img{vertical-align:middle;display:inline-block}<\/style>\t\t\t\t\t\t\t\t\t\t<img fetchpriority=\"high\" decoding=\"async\" width=\"303\" height=\"320\" src=\"https:\/\/meuherba.com\/wp-content\/uploads\/2024\/03\/a-2561-protein-p.webp\" class=\"attachment-large size-large wp-image-490\" alt=\"\" srcset=\"https:\/\/meuherba.com\/wp-content\/uploads\/2024\/03\/a-2561-protein-p.webp 303w, https:\/\/meuherba.com\/wp-content\/uploads\/2024\/03\/a-2561-protein-p-284x300.webp 284w, https:\/\/meuherba.com\/wp-content\/uploads\/2024\/03\/a-2561-protein-p-64x68.webp 64w\" sizes=\"(max-width: 303px) 100vw, 303px\" \/>\t\t\t\t\t\t\t\t\t\t\t\t\t<\/div>\n\t\t\t\t<\/div>\n\t\t\t\t<\/div>\n\t\t<div class=\"elementor-element elementor-element-143efd0 e-con-full e-flex e-con e-child\" data-id=\"143efd0\" data-element_type=\"container\" data-settings=\"{&quot;content_width&quot;:&quot;full&quot;}\">\n\t\t\t\t<div class=\"elementor-element elementor-element-f95141f elementor-widget elementor-widget-heading\" data-id=\"f95141f\" data-element_type=\"widget\" data-widget_type=\"heading.default\">\n\t\t\t\t<div class=\"elementor-widget-container\">\n\t\t\t<style>\/*! elementor - v3.19.0 - 28-02-2024 *\/\n.elementor-heading-title{padding:0;margin:0;line-height:1}.elementor-widget-heading .elementor-heading-title[class*=elementor-size-]>a{color:inherit;font-size:inherit;line-height:inherit}.elementor-widget-heading .elementor-heading-title.elementor-size-small{font-size:15px}.elementor-widget-heading .elementor-heading-title.elementor-size-medium{font-size:19px}.elementor-widget-heading .elementor-heading-title.elementor-size-large{font-size:29px}.elementor-widget-heading .elementor-heading-title.elementor-size-xl{font-size:39px}.elementor-widget-heading .elementor-heading-title.elementor-size-xxl{font-size:59px}<\/style><h2 class=\"elementor-heading-title elementor-size-default\">Protein Powder \n\n<\/h2>\t\t<\/div>\n\t\t\t\t<\/div>\n\t\t\t\t<div class=\"elementor-element elementor-element-a7591c9 elementor-widget elementor-widget-text-editor\" data-id=\"a7591c9\" data-element_type=\"widget\" data-widget_type=\"text-editor.default\">\n\t\t\t\t<div class=\"elementor-widget-container\">\n\t\t\t<style>\/*! elementor - v3.19.0 - 28-02-2024 *\/\n.elementor-widget-text-editor.elementor-drop-cap-view-stacked .elementor-drop-cap{background-color:#69727d;color:#fff}.elementor-widget-text-editor.elementor-drop-cap-view-framed .elementor-drop-cap{color:#69727d;border:3px solid;background-color:transparent}.elementor-widget-text-editor:not(.elementor-drop-cap-view-default) .elementor-drop-cap{margin-top:8px}.elementor-widget-text-editor:not(.elementor-drop-cap-view-default) .elementor-drop-cap-letter{width:1em;height:1em}.elementor-widget-text-editor .elementor-drop-cap{float:left;text-align:center;line-height:1;font-size:50px}.elementor-widget-text-editor .elementor-drop-cap-letter{display:inline-block}<\/style>\t\t\t\t<p>Obs: caso seu sabor n\u00e3o seja esse, fale agora mesmo qual sabor voc\u00ea deseja clicando no bot\u00e3o abaixo\u00a0<\/p>\t\t\t\t\t\t<\/div>\n\t\t\t\t<\/div>\n\t\t\t\t<div class=\"elementor-element elementor-element-26059d9 elementor-align-left elementor-mobile-align-center elementor-widget elementor-widget-button\" data-id=\"26059d9\" data-element_type=\"widget\" data-widget_type=\"button.default\">\n\t\t\t\t<div class=\"elementor-widget-container\">\n\t\t\t\t\t<div class=\"elementor-button-wrapper\">\n\t\t\t<a class=\"elementor-button elementor-button-link elementor-size-sm\" href=\"https:\/\/api.whatsapp.com\/send?phone=5511971829371&#038;text=Ol%C3%A1,%20gostaria%20de%20adquirir%20Protein%20Powder\">\n\t\t\t\t\t\t<span class=\"elementor-button-content-wrapper\">\n\t\t\t\t\t\t<span class=\"elementor-button-text\">Quero adiquirir<\/span>\n\t\t<\/span>\n\t\t\t\t\t<\/a>\n\t\t<\/div>\n\t\t\t\t<\/div>\n\t\t\t\t<\/div>\n\t\t\t\t<\/div>\n\t\t\t\t\t<\/div>\n\t\t\t\t<\/div>\n\t\t<div class=\"elementor-element elementor-element-366e5be e-flex e-con-boxed e-con e-parent\" data-id=\"366e5be\" data-element_type=\"container\" data-settings=\"{&quot;background_background&quot;:&quot;classic&quot;,&quot;content_width&quot;:&quot;boxed&quot;}\" data-core-v316-plus=\"true\">\n\t\t\t\t\t<div class=\"e-con-inner\">\n\t\t\t\t\t<\/div>\n\t\t\t\t<\/div>\n\t\t<div class=\"elementor-element elementor-element-7147332 e-flex e-con-boxed e-con e-parent\" data-id=\"7147332\" data-element_type=\"container\" data-settings=\"{&quot;content_width&quot;:&quot;boxed&quot;}\" data-core-v316-plus=\"true\">\n\t\t\t\t\t<div class=\"e-con-inner\">\n\t\t<div class=\"elementor-element elementor-element-dd25666 e-con-full e-flex e-con e-child\" data-id=\"dd25666\" data-element_type=\"container\" data-settings=\"{&quot;content_width&quot;:&quot;full&quot;}\">\n\t\t\t\t<div class=\"elementor-element elementor-element-21aa071 elementor-widget elementor-widget-heading\" data-id=\"21aa071\" data-element_type=\"widget\" data-widget_type=\"heading.default\">\n\t\t\t\t<div class=\"elementor-widget-container\">\n\t\t\t<h2 class=\"elementor-heading-title elementor-size-default\">PROTEIN POWDER | MAIS PROTE\u00cdNA PARA O SEU DIA!<\/h2>\t\t<\/div>\n\t\t\t\t<\/div>\n\t\t\t\t<div class=\"elementor-element elementor-element-fb60fc0 elementor-widget elementor-widget-text-editor\" data-id=\"fb60fc0\" data-element_type=\"widget\" data-widget_type=\"text-editor.default\">\n\t\t\t\t<div class=\"elementor-widget-container\">\n\t\t\t\t\t\t\t<p>Combina\u00e7\u00e3o de prote\u00edna isolada de soja e concentrada do soro do leite, fornecendo 5g de prote\u00edna de alto valor biol\u00f3gico, por por\u00e7\u00e3o;<\/p><p>Quando adicionado ao alimento, refor\u00e7a o teor de prote\u00ednas sem fornecer grandes quantidades de calorias e sem aporte de carboidratos e gorduras;<\/p><p>Ajuda a desenvolver e manter massa muscular, quando associado \u00e0 pr\u00e1tica de atividade f\u00edsica;<\/p><p>Produto vers\u00e1til: adequado para receitas que v\u00e3o para o forno, freezer ou micro-ondas;<\/p><p>Excelente alternativa para pessoas lacto-vegetarianas;<\/p><p>Sua combina\u00e7\u00e3o proteica ajuda a manter a saciedade.<\/p>\t\t\t\t\t\t<\/div>\n\t\t\t\t<\/div>\n\t\t\t\t<\/div>\n\t\t<div class=\"elementor-element elementor-element-725dbd5 e-con-full e-flex e-con e-child\" data-id=\"725dbd5\" data-element_type=\"container\" data-settings=\"{&quot;content_width&quot;:&quot;full&quot;}\">\n\t\t\t\t<div class=\"elementor-element elementor-element-39594d6 elementor-widget elementor-widget-heading\" data-id=\"39594d6\" data-element_type=\"widget\" data-widget_type=\"heading.default\">\n\t\t\t\t<div class=\"elementor-widget-container\">\n\t\t\t<h2 class=\"elementor-heading-title elementor-size-default\">COMO FUNCIONA\n<\/h2>\t\t<\/div>\n\t\t\t\t<\/div>\n\t\t\t\t<div class=\"elementor-element elementor-element-29c330c elementor-widget elementor-widget-text-editor\" data-id=\"29c330c\" data-element_type=\"widget\" data-widget_type=\"text-editor.default\">\n\t\t\t\t<div class=\"elementor-widget-container\">\n\t\t\t\t\t\t\t<p>Simples de fazer e combinar com frutas e\u00a0 outros produtos da Herbalife Nutrition.\u00a0\u00a0<\/p><p>Um suplemento proteico pra comer de colher!<\/p><p>Irresistivelmente cremoso e do jeitinho que voc\u00ea sempre sonhou: pr\u00e1tico e delicioso!<\/p><p>O Protein Powder* \u00e9 um p\u00f3 de prote\u00edna pr\u00e1tico e eficiente para ser consumido com bebidas e alimentos.<\/p><p>Desenvolvido para complementar o consumo di\u00e1rio de prote\u00ednas na alimenta\u00e7\u00e3o, cont\u00e9m prote\u00edna isolada de soja (de absor\u00e7\u00e3o lenta -ideal para manter um n\u00edvel proteico elevado ao longo do dia) e prote\u00edna concentrada do soro do leite (de r\u00e1pida absor\u00e7\u00e3o).<\/p><p>Tem sabor neutro e \u00e9 f\u00e1cil de misturar ao Shake, bebidas, sopas, molhos e outros alimentos, sem adicionar as calorias das gorduras e dos carboidratos.<\/p><p>N\u00e3o cont\u00e9m ado\u00e7antes ou a\u00e7\u00facar adicionado | Apenas 22 calorias por por\u00e7\u00e3o | Livre de carboidratos e gorduras.<\/p><p>Sabor neutro: pode ser adicionado em alimentos doces e salgados.<\/p><p>\u00a0<\/p>\t\t\t\t\t\t<\/div>\n\t\t\t\t<\/div>\n\t\t\t\t<\/div>\n\t\t\t\t\t<\/div>\n\t\t\t\t<\/div>\n\t\t<div class=\"elementor-element elementor-element-3fef4d2 e-flex e-con-boxed e-con e-parent\" data-id=\"3fef4d2\" data-element_type=\"container\" data-settings=\"{&quot;background_background&quot;:&quot;classic&quot;,&quot;content_width&quot;:&quot;boxed&quot;}\" data-core-v316-plus=\"true\">\n\t\t\t\t\t<div class=\"e-con-inner\">\n\t\t<div class=\"elementor-element elementor-element-296f32e e-con-full e-flex e-con e-child\" data-id=\"296f32e\" data-element_type=\"container\" data-settings=\"{&quot;content_width&quot;:&quot;full&quot;}\">\n\t\t\t\t<div class=\"elementor-element elementor-element-47fbcaa elementor-widget elementor-widget-image\" data-id=\"47fbcaa\" data-element_type=\"widget\" data-widget_type=\"image.default\">\n\t\t\t\t<div class=\"elementor-widget-container\">\n\t\t\t\t\t\t\t\t\t\t\t\t\t<img decoding=\"async\" width=\"690\" height=\"510\" src=\"https:\/\/meuherba.com\/wp-content\/uploads\/2024\/03\/10-6124c-protein-powder-240g.png\" class=\"attachment-large size-large wp-image-762\" alt=\"\" srcset=\"https:\/\/meuherba.com\/wp-content\/uploads\/2024\/03\/10-6124c-protein-powder-240g.png 690w, https:\/\/meuherba.com\/wp-content\/uploads\/2024\/03\/10-6124c-protein-powder-240g-300x222.png 300w\" sizes=\"(max-width: 690px) 100vw, 690px\" \/>\t\t\t\t\t\t\t\t\t\t\t\t\t<\/div>\n\t\t\t\t<\/div>\n\t\t\t\t<\/div>\n\t\t<div class=\"elementor-element elementor-element-2e51988 e-con-full e-flex e-con e-child\" data-id=\"2e51988\" data-element_type=\"container\" data-settings=\"{&quot;content_width&quot;:&quot;full&quot;}\">\n\t\t\t\t<div class=\"elementor-element elementor-element-fdd3c32 elementor-widget elementor-widget-image\" data-id=\"fdd3c32\" data-element_type=\"widget\" data-widget_type=\"image.default\">\n\t\t\t\t<div class=\"elementor-widget-container\">\n\t\t\t\t\t\t\t\t\t\t\t\t\t<img decoding=\"async\" width=\"530\" height=\"300\" src=\"https:\/\/meuherba.com\/wp-content\/uploads\/2024\/03\/10-8888b-protein-powder-240g.png\" class=\"attachment-large size-large wp-image-763\" alt=\"\" srcset=\"https:\/\/meuherba.com\/wp-content\/uploads\/2024\/03\/10-8888b-protein-powder-240g.png 530w, https:\/\/meuherba.com\/wp-content\/uploads\/2024\/03\/10-8888b-protein-powder-240g-300x170.png 300w\" sizes=\"(max-width: 530px) 100vw, 530px\" \/>\t\t\t\t\t\t\t\t\t\t\t\t\t<\/div>\n\t\t\t\t<\/div>\n\t\t\t\t<\/div>\n\t\t\t\t\t<\/div>\n\t\t\t\t<\/div>\n\t\t<div class=\"elementor-element elementor-element-88d3f66 e-flex e-con-boxed e-con e-parent\" data-id=\"88d3f66\" data-element_type=\"container\" data-settings=\"{&quot;content_width&quot;:&quot;boxed&quot;}\" data-core-v316-plus=\"true\">\n\t\t\t\t\t<div class=\"e-con-inner\">\n\t\t\t\t<div class=\"elementor-element elementor-element-d1b48f6 elementor-widget elementor-widget-heading\" data-id=\"d1b48f6\" data-element_type=\"widget\" data-widget_type=\"heading.default\">\n\t\t\t\t<div class=\"elementor-widget-container\">\n\t\t\t<h2 class=\"elementor-heading-title elementor-size-default\">INFORMA\u00c7\u00c3O NUTRICIONAL\n<\/h2>\t\t<\/div>\n\t\t\t\t<\/div>\n\t\t\t\t<div class=\"elementor-element elementor-element-59fdf80 elementor-widget-mobile__width-initial elementor-widget elementor-widget-image\" data-id=\"59fdf80\" data-element_type=\"widget\" data-widget_type=\"image.default\">\n\t\t\t\t<div class=\"elementor-widget-container\">\n\t\t\t\t\t\t\t\t\t\t\t\t\t<img loading=\"lazy\" decoding=\"async\" width=\"800\" height=\"211\" src=\"https:\/\/meuherba.com\/wp-content\/uploads\/2024\/03\/10-1033d-protein-powder-240g-1024x270.png\" class=\"attachment-large size-large wp-image-764\" alt=\"\" srcset=\"https:\/\/meuherba.com\/wp-content\/uploads\/2024\/03\/10-1033d-protein-powder-240g-1024x270.png 1024w, https:\/\/meuherba.com\/wp-content\/uploads\/2024\/03\/10-1033d-protein-powder-240g-300x79.png 300w, https:\/\/meuherba.com\/wp-content\/uploads\/2024\/03\/10-1033d-protein-powder-240g-768x202.png 768w, https:\/\/meuherba.com\/wp-content\/uploads\/2024\/03\/10-1033d-protein-powder-240g-1536x405.png 1536w, https:\/\/meuherba.com\/wp-content\/uploads\/2024\/03\/10-1033d-protein-powder-240g-1320x348.png 1320w, https:\/\/meuherba.com\/wp-content\/uploads\/2024\/03\/10-1033d-protein-powder-240g.png 1920w\" sizes=\"(max-width: 800px) 100vw, 800px\" \/>\t\t\t\t\t\t\t\t\t\t\t\t\t<\/div>\n\t\t\t\t<\/div>\n\t\t\t\t\t<\/div>\n\t\t\t\t<\/div>\n\t\t\t\t<\/div>\n\t\t","protected":false},"excerpt":{"rendered":"<p>Protein Powder Obs: caso seu sabor n\u00e3o seja esse, fale agora mesmo qual sabor voc\u00ea deseja clicando no bot\u00e3o abaixo\u00a0 Quero adiquirir PROTEIN POWDER | MAIS PROTE\u00cdNA PARA O SEU DIA! Combina\u00e7\u00e3o de prote\u00edna isolada de soja e concentrada do soro do leite, fornecendo 5g de prote\u00edna de alto valor biol\u00f3gico, por por\u00e7\u00e3o; Quando adicionado [&hellip;]<\/p>\n","protected":false},"author":1,"featured_media":0,"parent":0,"menu_order":0,"comment_status":"closed","ping_status":"closed","template":"elementor_header_footer","meta":{"footnotes":""},"_links":{"self":[{"href":"https:\/\/meuherba.com\/index.php\/wp-json\/wp\/v2\/pages\/738"}],"collection":[{"href":"https:\/\/meuherba.com\/index.php\/wp-json\/wp\/v2\/pages"}],"about":[{"href":"https:\/\/meuherba.com\/index.php\/wp-json\/wp\/v2\/types\/page"}],"author":[{"embeddable":true,"href":"https:\/\/meuherba.com\/index.php\/wp-json\/wp\/v2\/users\/1"}],"replies":[{"embeddable":true,"href":"https:\/\/meuherba.com\/index.php\/wp-json\/wp\/v2\/comments?post=738"}],"version-history":[{"count":34,"href":"https:\/\/meuherba.com\/index.php\/wp-json\/wp\/v2\/pages\/738\/revisions"}],"predecessor-version":[{"id":2111,"href":"https:\/\/meuherba.com\/index.php\/wp-json\/wp\/v2\/pages\/738\/revisions\/2111"}],"wp:attachment":[{"href":"https:\/\/meuherba.com\/index.php\/wp-json\/wp\/v2\/media?parent=738"}],"curies":[{"name":"wp","href":"https:\/\/api.w.org\/{rel}","templated":true}]}}