{"id":660,"date":"2024-03-13T10:45:52","date_gmt":"2024-03-13T13:45:52","guid":{"rendered":"https:\/\/meuherba.com\/?page_id=660"},"modified":"2024-03-21T17:31:52","modified_gmt":"2024-03-21T20:31:52","slug":"nutrev","status":"publish","type":"page","link":"https:\/\/meuherba.com\/index.php\/nutrev\/","title":{"rendered":"Nutrev"},"content":{"rendered":"\t\t<div data-elementor-type=\"wp-page\" data-elementor-id=\"660\" class=\"elementor elementor-660\" data-elementor-post-type=\"page\">\n\t\t\t\t<div class=\"elementor-element elementor-element-a58c1a0 e-flex e-con-boxed e-con e-parent\" data-id=\"a58c1a0\" data-element_type=\"container\" data-settings=\"{&quot;content_width&quot;:&quot;boxed&quot;}\" data-core-v316-plus=\"true\">\n\t\t\t\t\t<div class=\"e-con-inner\">\n\t\t<div class=\"elementor-element elementor-element-cf70d97 e-con-full e-flex e-con e-child\" data-id=\"cf70d97\" data-element_type=\"container\" data-settings=\"{&quot;content_width&quot;:&quot;full&quot;}\">\n\t\t\t\t<div class=\"elementor-element elementor-element-b9d2c6a elementor-widget elementor-widget-image\" data-id=\"b9d2c6a\" data-element_type=\"widget\" data-widget_type=\"image.default\">\n\t\t\t\t<div class=\"elementor-widget-container\">\n\t\t\t<style>\/*! elementor - v3.19.0 - 28-02-2024 *\/\n.elementor-widget-image{text-align:center}.elementor-widget-image a{display:inline-block}.elementor-widget-image a img[src$=\".svg\"]{width:48px}.elementor-widget-image img{vertical-align:middle;display:inline-block}<\/style>\t\t\t\t\t\t\t\t\t\t<img fetchpriority=\"high\" decoding=\"async\" width=\"800\" height=\"800\" src=\"https:\/\/meuherba.com\/wp-content\/uploads\/2024\/03\/1t-4312-nutrev-6.png\" class=\"attachment-large size-large wp-image-669\" alt=\"\" srcset=\"https:\/\/meuherba.com\/wp-content\/uploads\/2024\/03\/1t-4312-nutrev-6.png 800w, https:\/\/meuherba.com\/wp-content\/uploads\/2024\/03\/1t-4312-nutrev-6-300x300.png 300w, https:\/\/meuherba.com\/wp-content\/uploads\/2024\/03\/1t-4312-nutrev-6-150x150.png 150w, https:\/\/meuherba.com\/wp-content\/uploads\/2024\/03\/1t-4312-nutrev-6-768x768.png 768w\" sizes=\"(max-width: 800px) 100vw, 800px\" \/>\t\t\t\t\t\t\t\t\t\t\t\t\t<\/div>\n\t\t\t\t<\/div>\n\t\t\t\t<\/div>\n\t\t<div class=\"elementor-element elementor-element-106a26f e-con-full e-flex e-con e-child\" data-id=\"106a26f\" data-element_type=\"container\" data-settings=\"{&quot;content_width&quot;:&quot;full&quot;}\">\n\t\t\t\t<div class=\"elementor-element elementor-element-8fa123e elementor-widget elementor-widget-heading\" data-id=\"8fa123e\" data-element_type=\"widget\" data-widget_type=\"heading.default\">\n\t\t\t\t<div class=\"elementor-widget-container\">\n\t\t\t<style>\/*! elementor - v3.19.0 - 28-02-2024 *\/\n.elementor-heading-title{padding:0;margin:0;line-height:1}.elementor-widget-heading .elementor-heading-title[class*=elementor-size-]>a{color:inherit;font-size:inherit;line-height:inherit}.elementor-widget-heading .elementor-heading-title.elementor-size-small{font-size:15px}.elementor-widget-heading .elementor-heading-title.elementor-size-medium{font-size:19px}.elementor-widget-heading .elementor-heading-title.elementor-size-large{font-size:29px}.elementor-widget-heading .elementor-heading-title.elementor-size-xl{font-size:39px}.elementor-widget-heading .elementor-heading-title.elementor-size-xxl{font-size:59px}<\/style><h2 class=\"elementor-heading-title elementor-size-default\">Nutrev 672g<\/h2>\t\t<\/div>\n\t\t\t\t<\/div>\n\t\t\t\t<div class=\"elementor-element elementor-element-3f72e8f elementor-align-left elementor-mobile-align-center elementor-widget elementor-widget-button\" data-id=\"3f72e8f\" data-element_type=\"widget\" data-widget_type=\"button.default\">\n\t\t\t\t<div class=\"elementor-widget-container\">\n\t\t\t\t\t<div class=\"elementor-button-wrapper\">\n\t\t\t<a class=\"elementor-button elementor-button-link elementor-size-sm\" href=\"https:\/\/api.whatsapp.com\/send?phone=5511971829371&#038;text=Ol%C3%A1,%20gostaria%20de%20adquirir%20Nutrev\">\n\t\t\t\t\t\t<span class=\"elementor-button-content-wrapper\">\n\t\t\t\t\t\t<span class=\"elementor-button-text\">Quero adiquirir<\/span>\n\t\t<\/span>\n\t\t\t\t\t<\/a>\n\t\t<\/div>\n\t\t\t\t<\/div>\n\t\t\t\t<\/div>\n\t\t\t\t<\/div>\n\t\t\t\t\t<\/div>\n\t\t\t\t<\/div>\n\t\t<div class=\"elementor-element elementor-element-cab0c10 e-flex e-con-boxed e-con e-parent\" data-id=\"cab0c10\" data-element_type=\"container\" data-settings=\"{&quot;background_background&quot;:&quot;classic&quot;,&quot;content_width&quot;:&quot;boxed&quot;}\" data-core-v316-plus=\"true\">\n\t\t\t\t\t<div class=\"e-con-inner\">\n\t\t\t\t\t<\/div>\n\t\t\t\t<\/div>\n\t\t<div class=\"elementor-element elementor-element-5b11d28 e-flex e-con-boxed e-con e-parent\" data-id=\"5b11d28\" data-element_type=\"container\" data-settings=\"{&quot;content_width&quot;:&quot;boxed&quot;}\" data-core-v316-plus=\"true\">\n\t\t\t\t\t<div class=\"e-con-inner\">\n\t\t<div class=\"elementor-element elementor-element-3b698d2 e-con-full e-flex e-con e-child\" data-id=\"3b698d2\" data-element_type=\"container\" data-settings=\"{&quot;content_width&quot;:&quot;full&quot;}\">\n\t\t\t\t<div class=\"elementor-element elementor-element-aa81e79 elementor-widget elementor-widget-heading\" data-id=\"aa81e79\" data-element_type=\"widget\" data-widget_type=\"heading.default\">\n\t\t\t\t<div class=\"elementor-widget-container\">\n\t\t\t<h2 class=\"elementor-heading-title elementor-size-default\">VIVA UMA ROTINA MAIS LEVE E EQUILIBRADA. VIVA NUTREV!\n<\/h2>\t\t<\/div>\n\t\t\t\t<\/div>\n\t\t\t\t<div class=\"elementor-element elementor-element-66401fe elementor-widget elementor-widget-text-editor\" data-id=\"66401fe\" data-element_type=\"widget\" data-widget_type=\"text-editor.default\">\n\t\t\t\t<div class=\"elementor-widget-container\">\n\t\t\t<style>\/*! elementor - v3.19.0 - 28-02-2024 *\/\n.elementor-widget-text-editor.elementor-drop-cap-view-stacked .elementor-drop-cap{background-color:#69727d;color:#fff}.elementor-widget-text-editor.elementor-drop-cap-view-framed .elementor-drop-cap{color:#69727d;border:3px solid;background-color:transparent}.elementor-widget-text-editor:not(.elementor-drop-cap-view-default) .elementor-drop-cap{margin-top:8px}.elementor-widget-text-editor:not(.elementor-drop-cap-view-default) .elementor-drop-cap-letter{width:1em;height:1em}.elementor-widget-text-editor .elementor-drop-cap{float:left;text-align:center;line-height:1;font-size:50px}.elementor-widget-text-editor .elementor-drop-cap-letter{display:inline-block}<\/style>\t\t\t\t<p>NutreV* \u00e9 uma bebida de origem vegetal, fortificada com Vitaminas e Minerais, ideal para quem busca sa\u00fade e bem-estar ao longo do dia.<\/p><p>Excelente e saud\u00e1vel alternativa ao leite e tamb\u00e9m uma \u00f3tima op\u00e7\u00e3o para aqueles que s\u00e3o intolerantes a lactose, com baixo teor de gordura e fornecendo 30% do c\u00e1lcio que voc\u00ea precisa diariamente!<\/p>\t\t\t\t\t\t<\/div>\n\t\t\t\t<\/div>\n\t\t\t\t<\/div>\n\t\t<div class=\"elementor-element elementor-element-8ea3288 e-con-full e-flex e-con e-child\" data-id=\"8ea3288\" data-element_type=\"container\" data-settings=\"{&quot;content_width&quot;:&quot;full&quot;}\">\n\t\t\t\t<div class=\"elementor-element elementor-element-4d8a234 elementor-widget elementor-widget-heading\" data-id=\"4d8a234\" data-element_type=\"widget\" data-widget_type=\"heading.default\">\n\t\t\t\t<div class=\"elementor-widget-container\">\n\t\t\t<h2 class=\"elementor-heading-title elementor-size-default\">SUGEST\u00d5ES DE CONSUMO<\/h2>\t\t<\/div>\n\t\t\t\t<\/div>\n\t\t\t\t<div class=\"elementor-element elementor-element-915faaa elementor-widget elementor-widget-text-editor\" data-id=\"915faaa\" data-element_type=\"widget\" data-widget_type=\"text-editor.default\">\n\t\t\t\t<div class=\"elementor-widget-container\">\n\t\t\t\t\t\t\t<p><strong>Caf\u00e9 da manh\u00e3:\u00a0<\/strong>Para uma refei\u00e7\u00e3o mais nutritiva, voc\u00ea pode combinar o NutreV com caf\u00e9, achocolatados, cereais, frutas e com seu Shake Herbalife Nutrition.<\/p><p><strong>Caf\u00e9 da tarde:<\/strong>\u00a0Utilize o NutreV tamb\u00e9m para fazer diversas receitas, como p\u00e3es, bolos salgados e doces.<\/p><p><strong>Ceia:\u00a0<\/strong>Fa\u00e7a uma refei\u00e7\u00e3o leve. Combine o NutreV com achocolatados ou consuma quentinho antes de dormir. \u00c9 uma del\u00edcia!<\/p>\t\t\t\t\t\t<\/div>\n\t\t\t\t<\/div>\n\t\t\t\t<\/div>\n\t\t\t\t\t<\/div>\n\t\t\t\t<\/div>\n\t\t<div class=\"elementor-element elementor-element-79b410b e-flex e-con-boxed e-con e-parent\" data-id=\"79b410b\" data-element_type=\"container\" data-settings=\"{&quot;background_background&quot;:&quot;classic&quot;,&quot;content_width&quot;:&quot;boxed&quot;}\" data-core-v316-plus=\"true\">\n\t\t\t\t\t<div class=\"e-con-inner\">\n\t\t<div class=\"elementor-element elementor-element-76ac6e0 e-con-full e-flex e-con e-child\" data-id=\"76ac6e0\" data-element_type=\"container\" data-settings=\"{&quot;content_width&quot;:&quot;full&quot;}\">\n\t\t\t\t<div class=\"elementor-element elementor-element-20b7925 elementor-widget elementor-widget-image\" data-id=\"20b7925\" data-element_type=\"widget\" data-widget_type=\"image.default\">\n\t\t\t\t<div class=\"elementor-widget-container\">\n\t\t\t\t\t\t\t\t\t\t\t\t\t<img decoding=\"async\" width=\"550\" height=\"580\" src=\"https:\/\/meuherba.com\/wp-content\/uploads\/2024\/03\/65-2075c-nutrev-672g.png\" class=\"attachment-large size-large wp-image-685\" alt=\"\" srcset=\"https:\/\/meuherba.com\/wp-content\/uploads\/2024\/03\/65-2075c-nutrev-672g.png 550w, https:\/\/meuherba.com\/wp-content\/uploads\/2024\/03\/65-2075c-nutrev-672g-284x300.png 284w\" sizes=\"(max-width: 550px) 100vw, 550px\" \/>\t\t\t\t\t\t\t\t\t\t\t\t\t<\/div>\n\t\t\t\t<\/div>\n\t\t\t\t<\/div>\n\t\t<div class=\"elementor-element elementor-element-c63bae1 e-con-full e-flex e-con e-child\" data-id=\"c63bae1\" data-element_type=\"container\" data-settings=\"{&quot;content_width&quot;:&quot;full&quot;}\">\n\t\t\t\t<div class=\"elementor-element elementor-element-707cc2c elementor-widget elementor-widget-image\" data-id=\"707cc2c\" data-element_type=\"widget\" data-widget_type=\"image.default\">\n\t\t\t\t<div class=\"elementor-widget-container\">\n\t\t\t\t\t\t\t\t\t\t\t\t\t<img decoding=\"async\" width=\"530\" height=\"300\" src=\"https:\/\/meuherba.com\/wp-content\/uploads\/2024\/03\/65-7910b-nutrev-672g.png\" class=\"attachment-large size-large wp-image-686\" alt=\"\" srcset=\"https:\/\/meuherba.com\/wp-content\/uploads\/2024\/03\/65-7910b-nutrev-672g.png 530w, https:\/\/meuherba.com\/wp-content\/uploads\/2024\/03\/65-7910b-nutrev-672g-300x170.png 300w\" sizes=\"(max-width: 530px) 100vw, 530px\" \/>\t\t\t\t\t\t\t\t\t\t\t\t\t<\/div>\n\t\t\t\t<\/div>\n\t\t\t\t<\/div>\n\t\t\t\t\t<\/div>\n\t\t\t\t<\/div>\n\t\t<div class=\"elementor-element elementor-element-46f4c21 e-flex e-con-boxed e-con e-parent\" data-id=\"46f4c21\" data-element_type=\"container\" data-settings=\"{&quot;content_width&quot;:&quot;boxed&quot;}\" data-core-v316-plus=\"true\">\n\t\t\t\t\t<div class=\"e-con-inner\">\n\t\t\t\t<div class=\"elementor-element elementor-element-ca49c87 elementor-widget elementor-widget-image\" data-id=\"ca49c87\" data-element_type=\"widget\" data-widget_type=\"image.default\">\n\t\t\t\t<div class=\"elementor-widget-container\">\n\t\t\t\t\t\t\t\t\t\t\t\t\t<img loading=\"lazy\" decoding=\"async\" width=\"571\" height=\"1024\" src=\"https:\/\/meuherba.com\/wp-content\/uploads\/2024\/03\/65-1535d-nutrev-672g-571x1024.png\" class=\"attachment-large size-large wp-image-687\" alt=\"\" srcset=\"https:\/\/meuherba.com\/wp-content\/uploads\/2024\/03\/65-1535d-nutrev-672g-571x1024.png 571w, https:\/\/meuherba.com\/wp-content\/uploads\/2024\/03\/65-1535d-nutrev-672g-167x300.png 167w, https:\/\/meuherba.com\/wp-content\/uploads\/2024\/03\/65-1535d-nutrev-672g-768x1377.png 768w, https:\/\/meuherba.com\/wp-content\/uploads\/2024\/03\/65-1535d-nutrev-672g-857x1536.png 857w, https:\/\/meuherba.com\/wp-content\/uploads\/2024\/03\/65-1535d-nutrev-672g.png 1142w\" sizes=\"(max-width: 571px) 100vw, 571px\" \/>\t\t\t\t\t\t\t\t\t\t\t\t\t<\/div>\n\t\t\t\t<\/div>\n\t\t\t\t\t<\/div>\n\t\t\t\t<\/div>\n\t\t\t\t<\/div>\n\t\t","protected":false},"excerpt":{"rendered":"<p>Nutrev 672g Quero adiquirir VIVA UMA ROTINA MAIS LEVE E EQUILIBRADA. VIVA NUTREV! NutreV* \u00e9 uma bebida de origem vegetal, fortificada com Vitaminas e Minerais, ideal para quem busca sa\u00fade e bem-estar ao longo do dia. Excelente e saud\u00e1vel alternativa ao leite e tamb\u00e9m uma \u00f3tima op\u00e7\u00e3o para aqueles que s\u00e3o intolerantes a lactose, com [&hellip;]<\/p>\n","protected":false},"author":1,"featured_media":0,"parent":0,"menu_order":0,"comment_status":"closed","ping_status":"closed","template":"elementor_header_footer","meta":{"footnotes":""},"_links":{"self":[{"href":"https:\/\/meuherba.com\/index.php\/wp-json\/wp\/v2\/pages\/660"}],"collection":[{"href":"https:\/\/meuherba.com\/index.php\/wp-json\/wp\/v2\/pages"}],"about":[{"href":"https:\/\/meuherba.com\/index.php\/wp-json\/wp\/v2\/types\/page"}],"author":[{"embeddable":true,"href":"https:\/\/meuherba.com\/index.php\/wp-json\/wp\/v2\/users\/1"}],"replies":[{"embeddable":true,"href":"https:\/\/meuherba.com\/index.php\/wp-json\/wp\/v2\/comments?post=660"}],"version-history":[{"count":34,"href":"https:\/\/meuherba.com\/index.php\/wp-json\/wp\/v2\/pages\/660\/revisions"}],"predecessor-version":[{"id":2102,"href":"https:\/\/meuherba.com\/index.php\/wp-json\/wp\/v2\/pages\/660\/revisions\/2102"}],"wp:attachment":[{"href":"https:\/\/meuherba.com\/index.php\/wp-json\/wp\/v2\/media?parent=660"}],"curies":[{"name":"wp","href":"https:\/\/api.w.org\/{rel}","templated":true}]}}