{"id":630,"date":"2024-03-08T18:32:18","date_gmt":"2024-03-08T21:32:18","guid":{"rendered":"https:\/\/meuherba.com\/?page_id=630"},"modified":"2024-03-21T17:28:48","modified_gmt":"2024-03-21T20:28:48","slug":"acai","status":"publish","type":"page","link":"https:\/\/meuherba.com\/index.php\/acai\/","title":{"rendered":"A\u00c7A\u00cd"},"content":{"rendered":"\t\t<div data-elementor-type=\"wp-page\" data-elementor-id=\"630\" class=\"elementor elementor-630\" data-elementor-post-type=\"page\">\n\t\t\t\t<div class=\"elementor-element elementor-element-c3b38b8 e-flex e-con-boxed e-con e-parent\" data-id=\"c3b38b8\" data-element_type=\"container\" data-settings=\"{&quot;content_width&quot;:&quot;boxed&quot;}\" data-core-v316-plus=\"true\">\n\t\t\t\t\t<div class=\"e-con-inner\">\n\t\t<div class=\"elementor-element elementor-element-a310d21 e-con-full e-flex e-con e-child\" data-id=\"a310d21\" data-element_type=\"container\" data-settings=\"{&quot;content_width&quot;:&quot;full&quot;}\">\n\t\t\t\t<div class=\"elementor-element elementor-element-93804de elementor-widget elementor-widget-image\" data-id=\"93804de\" data-element_type=\"widget\" data-widget_type=\"image.default\">\n\t\t\t\t<div class=\"elementor-widget-container\">\n\t\t\t<style>\/*! elementor - v3.19.0 - 28-02-2024 *\/\n.elementor-widget-image{text-align:center}.elementor-widget-image a{display:inline-block}.elementor-widget-image a img[src$=\".svg\"]{width:48px}.elementor-widget-image img{vertical-align:middle;display:inline-block}<\/style>\t\t\t\t\t\t\t\t\t\t<img fetchpriority=\"high\" decoding=\"async\" width=\"303\" height=\"320\" src=\"https:\/\/meuherba.com\/wp-content\/uploads\/2024\/03\/28-5676-acai-pro.webp\" class=\"attachment-large size-large wp-image-483\" alt=\"\" srcset=\"https:\/\/meuherba.com\/wp-content\/uploads\/2024\/03\/28-5676-acai-pro.webp 303w, https:\/\/meuherba.com\/wp-content\/uploads\/2024\/03\/28-5676-acai-pro-284x300.webp 284w, https:\/\/meuherba.com\/wp-content\/uploads\/2024\/03\/28-5676-acai-pro-64x68.webp 64w\" sizes=\"(max-width: 303px) 100vw, 303px\" \/>\t\t\t\t\t\t\t\t\t\t\t\t\t<\/div>\n\t\t\t\t<\/div>\n\t\t\t\t<\/div>\n\t\t<div class=\"elementor-element elementor-element-94830d4 e-con-full e-flex e-con e-child\" data-id=\"94830d4\" data-element_type=\"container\" data-settings=\"{&quot;content_width&quot;:&quot;full&quot;}\">\n\t\t\t\t<div class=\"elementor-element elementor-element-627a0ec elementor-widget elementor-widget-heading\" data-id=\"627a0ec\" data-element_type=\"widget\" data-widget_type=\"heading.default\">\n\t\t\t\t<div class=\"elementor-widget-container\">\n\t\t\t<style>\/*! elementor - v3.19.0 - 28-02-2024 *\/\n.elementor-heading-title{padding:0;margin:0;line-height:1}.elementor-widget-heading .elementor-heading-title[class*=elementor-size-]>a{color:inherit;font-size:inherit;line-height:inherit}.elementor-widget-heading .elementor-heading-title.elementor-size-small{font-size:15px}.elementor-widget-heading .elementor-heading-title.elementor-size-medium{font-size:19px}.elementor-widget-heading .elementor-heading-title.elementor-size-large{font-size:29px}.elementor-widget-heading .elementor-heading-title.elementor-size-xl{font-size:39px}.elementor-widget-heading .elementor-heading-title.elementor-size-xxl{font-size:59px}<\/style><h2 class=\"elementor-heading-title elementor-size-default\">A\u00e7a\u00ed Proteico 350g\n\n<\/h2>\t\t<\/div>\n\t\t\t\t<\/div>\n\t\t\t\t<div class=\"elementor-element elementor-element-3896c79 elementor-align-left elementor-mobile-align-center elementor-widget elementor-widget-button\" data-id=\"3896c79\" data-element_type=\"widget\" data-widget_type=\"button.default\">\n\t\t\t\t<div class=\"elementor-widget-container\">\n\t\t\t\t\t<div class=\"elementor-button-wrapper\">\n\t\t\t<a class=\"elementor-button elementor-button-link elementor-size-sm\" href=\"https:\/\/api.whatsapp.com\/send?phone=5511971829371&#038;text=Ol%C3%A1,%20gostaria%20de%20adquirir%20um%20A%C3%A7a%C3%AD\">\n\t\t\t\t\t\t<span class=\"elementor-button-content-wrapper\">\n\t\t\t\t\t\t<span class=\"elementor-button-text\">Quero adiquirir<\/span>\n\t\t<\/span>\n\t\t\t\t\t<\/a>\n\t\t<\/div>\n\t\t\t\t<\/div>\n\t\t\t\t<\/div>\n\t\t\t\t<\/div>\n\t\t\t\t\t<\/div>\n\t\t\t\t<\/div>\n\t\t<div class=\"elementor-element elementor-element-462164a e-flex e-con-boxed e-con e-parent\" data-id=\"462164a\" data-element_type=\"container\" data-settings=\"{&quot;background_background&quot;:&quot;classic&quot;,&quot;content_width&quot;:&quot;boxed&quot;}\" data-core-v316-plus=\"true\">\n\t\t\t\t\t<div class=\"e-con-inner\">\n\t\t\t\t\t<\/div>\n\t\t\t\t<\/div>\n\t\t<div class=\"elementor-element elementor-element-8296462 e-flex e-con-boxed e-con e-parent\" data-id=\"8296462\" data-element_type=\"container\" data-settings=\"{&quot;content_width&quot;:&quot;boxed&quot;}\" data-core-v316-plus=\"true\">\n\t\t\t\t\t<div class=\"e-con-inner\">\n\t\t<div class=\"elementor-element elementor-element-0572322 e-con-full e-flex e-con e-child\" data-id=\"0572322\" data-element_type=\"container\" data-settings=\"{&quot;content_width&quot;:&quot;full&quot;}\">\n\t\t\t\t<div class=\"elementor-element elementor-element-76a8abe elementor-widget elementor-widget-heading\" data-id=\"76a8abe\" data-element_type=\"widget\" data-widget_type=\"heading.default\">\n\t\t\t\t<div class=\"elementor-widget-container\">\n\t\t\t<h2 class=\"elementor-heading-title elementor-size-default\">A\u00c7A\u00cd PROTEICO | NUTRITIVO E SAUD\u00c1VEL DE VERDADE\n<\/h2>\t\t<\/div>\n\t\t\t\t<\/div>\n\t\t\t\t<div class=\"elementor-element elementor-element-5188ec4 elementor-widget elementor-widget-text-editor\" data-id=\"5188ec4\" data-element_type=\"widget\" data-widget_type=\"text-editor.default\">\n\t\t\t\t<div class=\"elementor-widget-container\">\n\t\t\t<style>\/*! elementor - v3.19.0 - 28-02-2024 *\/\n.elementor-widget-text-editor.elementor-drop-cap-view-stacked .elementor-drop-cap{background-color:#69727d;color:#fff}.elementor-widget-text-editor.elementor-drop-cap-view-framed .elementor-drop-cap{color:#69727d;border:3px solid;background-color:transparent}.elementor-widget-text-editor:not(.elementor-drop-cap-view-default) .elementor-drop-cap{margin-top:8px}.elementor-widget-text-editor:not(.elementor-drop-cap-view-default) .elementor-drop-cap-letter{width:1em;height:1em}.elementor-widget-text-editor .elementor-drop-cap{float:left;text-align:center;line-height:1;font-size:50px}.elementor-widget-text-editor .elementor-drop-cap-letter{display:inline-block}<\/style>\t\t\t\t<p>Do superfruto A\u00e7a\u00ed, a Herbalife Nutrition aplicou o melhor da ci\u00eancia de alimentos.<\/p><p>Conhe\u00e7a este suplemento alimentar com polpa de a\u00e7a\u00ed org\u00e2nico e Whey Protein que vai revolucionar o consumo do A\u00e7a\u00ed.<\/p><p>Com 12g de Prote\u00ednas, 184Kcal, Vitamina E, Fibra e ado\u00e7ado naturalmente com polpa de banana e ma\u00e7a!<\/p><p>Produzido com t\u00e9cnicas modernas, que garantem a preserva\u00e7\u00e3o das propriedades sensoriais e nutricionais da fruta, como benef\u00edcios antioxidantes, importantes no combate aos radicais livres.<\/p>\t\t\t\t\t\t<\/div>\n\t\t\t\t<\/div>\n\t\t\t\t<\/div>\n\t\t<div class=\"elementor-element elementor-element-8d59915 e-con-full e-flex e-con e-child\" data-id=\"8d59915\" data-element_type=\"container\" data-settings=\"{&quot;content_width&quot;:&quot;full&quot;}\">\n\t\t\t\t<div class=\"elementor-element elementor-element-940bbe9 elementor-widget elementor-widget-heading\" data-id=\"940bbe9\" data-element_type=\"widget\" data-widget_type=\"heading.default\">\n\t\t\t\t<div class=\"elementor-widget-container\">\n\t\t\t<h2 class=\"elementor-heading-title elementor-size-default\">COMO FUNCIONA?\n<\/h2>\t\t<\/div>\n\t\t\t\t<\/div>\n\t\t\t\t<div class=\"elementor-element elementor-element-200d2e7 elementor-widget elementor-widget-text-editor\" data-id=\"200d2e7\" data-element_type=\"widget\" data-widget_type=\"text-editor.default\">\n\t\t\t\t<div class=\"elementor-widget-container\">\n\t\t\t\t\t\t\t<p>Simples de fazer e combinar com frutas e\u00a0 outros produtos da Herbalife Nutrition.\u00a0\u00a0<\/p><p>Um suplemento proteico pra comer de colher!<\/p><p>Irresistivelmente cremoso e do jeitinho que voc\u00ea sempre sonhou: pr\u00e1tico e delicioso!<\/p><p>Para voc\u00ea\u00a0desfrutar de momentos de bem-estar, alegria e muito sabor onde quiser.<\/p><p>Para criar diversas combina\u00e7\u00f5es, experimentar diferentes sabores e montar do seu jeito!<\/p><p>O A\u00e7a\u00ed que cabe na sua dieta!\u00a0<\/p>\t\t\t\t\t\t<\/div>\n\t\t\t\t<\/div>\n\t\t\t\t<\/div>\n\t\t\t\t\t<\/div>\n\t\t\t\t<\/div>\n\t\t<div class=\"elementor-element elementor-element-525f75c e-flex e-con-boxed e-con e-parent\" data-id=\"525f75c\" data-element_type=\"container\" data-settings=\"{&quot;background_background&quot;:&quot;classic&quot;,&quot;content_width&quot;:&quot;boxed&quot;}\" data-core-v316-plus=\"true\">\n\t\t\t\t\t<div class=\"e-con-inner\">\n\t\t<div class=\"elementor-element elementor-element-15a95ec e-con-full e-flex e-con e-child\" data-id=\"15a95ec\" data-element_type=\"container\" data-settings=\"{&quot;content_width&quot;:&quot;full&quot;}\">\n\t\t\t\t<div class=\"elementor-element elementor-element-cb64201 elementor-widget-mobile__width-initial elementor-widget elementor-widget-image\" data-id=\"cb64201\" data-element_type=\"widget\" data-widget_type=\"image.default\">\n\t\t\t\t<div class=\"elementor-widget-container\">\n\t\t\t\t\t\t\t\t\t\t\t\t\t<img decoding=\"async\" width=\"550\" height=\"580\" src=\"https:\/\/meuherba.com\/wp-content\/uploads\/2024\/03\/80-2469c-acai-proteico.png\" class=\"attachment-large size-large wp-image-633\" alt=\"\" srcset=\"https:\/\/meuherba.com\/wp-content\/uploads\/2024\/03\/80-2469c-acai-proteico.png 550w, https:\/\/meuherba.com\/wp-content\/uploads\/2024\/03\/80-2469c-acai-proteico-284x300.png 284w, https:\/\/meuherba.com\/wp-content\/uploads\/2024\/03\/80-2469c-acai-proteico-64x67.png 64w\" sizes=\"(max-width: 550px) 100vw, 550px\" \/>\t\t\t\t\t\t\t\t\t\t\t\t\t<\/div>\n\t\t\t\t<\/div>\n\t\t\t\t<\/div>\n\t\t<div class=\"elementor-element elementor-element-c4b8df0 e-con-full e-flex e-con e-child\" data-id=\"c4b8df0\" data-element_type=\"container\" data-settings=\"{&quot;content_width&quot;:&quot;full&quot;}\">\n\t\t\t\t<div class=\"elementor-element elementor-element-71212bc elementor-widget elementor-widget-image\" data-id=\"71212bc\" data-element_type=\"widget\" data-widget_type=\"image.default\">\n\t\t\t\t<div class=\"elementor-widget-container\">\n\t\t\t\t\t\t\t\t\t\t\t\t\t<img decoding=\"async\" width=\"530\" height=\"300\" src=\"https:\/\/meuherba.com\/wp-content\/uploads\/2024\/03\/80-2284b-acai-proteico.png\" class=\"attachment-large size-large wp-image-634\" alt=\"\" srcset=\"https:\/\/meuherba.com\/wp-content\/uploads\/2024\/03\/80-2284b-acai-proteico.png 530w, https:\/\/meuherba.com\/wp-content\/uploads\/2024\/03\/80-2284b-acai-proteico-300x170.png 300w, https:\/\/meuherba.com\/wp-content\/uploads\/2024\/03\/80-2284b-acai-proteico-64x36.png 64w\" sizes=\"(max-width: 530px) 100vw, 530px\" \/>\t\t\t\t\t\t\t\t\t\t\t\t\t<\/div>\n\t\t\t\t<\/div>\n\t\t\t\t<\/div>\n\t\t\t\t\t<\/div>\n\t\t\t\t<\/div>\n\t\t<div class=\"elementor-element elementor-element-69121c3 e-flex e-con-boxed e-con e-parent\" data-id=\"69121c3\" data-element_type=\"container\" data-settings=\"{&quot;content_width&quot;:&quot;boxed&quot;}\" data-core-v316-plus=\"true\">\n\t\t\t\t\t<div class=\"e-con-inner\">\n\t\t\t\t<div class=\"elementor-element elementor-element-9b29b3c elementor-widget elementor-widget-heading\" data-id=\"9b29b3c\" data-element_type=\"widget\" data-widget_type=\"heading.default\">\n\t\t\t\t<div class=\"elementor-widget-container\">\n\t\t\t<h2 class=\"elementor-heading-title elementor-size-default\">INFORMA\u00c7\u00c3O NUTRICIONAL\n<\/h2>\t\t<\/div>\n\t\t\t\t<\/div>\n\t\t\t\t<div class=\"elementor-element elementor-element-82c7b8e elementor-widget elementor-widget-image\" data-id=\"82c7b8e\" data-element_type=\"widget\" data-widget_type=\"image.default\">\n\t\t\t\t<div class=\"elementor-widget-container\">\n\t\t\t\t\t\t\t\t\t\t\t\t\t<img loading=\"lazy\" decoding=\"async\" width=\"800\" height=\"334\" src=\"https:\/\/meuherba.com\/wp-content\/uploads\/2024\/03\/80mob-7962d-acai-proteico.png\" class=\"attachment-large size-large wp-image-635\" alt=\"\" srcset=\"https:\/\/meuherba.com\/wp-content\/uploads\/2024\/03\/80mob-7962d-acai-proteico.png 1000w, https:\/\/meuherba.com\/wp-content\/uploads\/2024\/03\/80mob-7962d-acai-proteico-300x125.png 300w, https:\/\/meuherba.com\/wp-content\/uploads\/2024\/03\/80mob-7962d-acai-proteico-768x320.png 768w, https:\/\/meuherba.com\/wp-content\/uploads\/2024\/03\/80mob-7962d-acai-proteico-600x250.png 600w, https:\/\/meuherba.com\/wp-content\/uploads\/2024\/03\/80mob-7962d-acai-proteico-64x27.png 64w\" sizes=\"(max-width: 800px) 100vw, 800px\" \/>\t\t\t\t\t\t\t\t\t\t\t\t\t<\/div>\n\t\t\t\t<\/div>\n\t\t\t\t\t<\/div>\n\t\t\t\t<\/div>\n\t\t\t\t<\/div>\n\t\t","protected":false},"excerpt":{"rendered":"<p>A\u00e7a\u00ed Proteico 350g Quero adiquirir A\u00c7A\u00cd PROTEICO | NUTRITIVO E SAUD\u00c1VEL DE VERDADE Do superfruto A\u00e7a\u00ed, a Herbalife Nutrition aplicou o melhor da ci\u00eancia de alimentos. Conhe\u00e7a este suplemento alimentar com polpa de a\u00e7a\u00ed org\u00e2nico e Whey Protein que vai revolucionar o consumo do A\u00e7a\u00ed. Com 12g de Prote\u00ednas, 184Kcal, Vitamina E, Fibra e ado\u00e7ado [&hellip;]<\/p>\n","protected":false},"author":1,"featured_media":0,"parent":0,"menu_order":0,"comment_status":"closed","ping_status":"closed","template":"elementor_header_footer","meta":{"footnotes":""},"_links":{"self":[{"href":"https:\/\/meuherba.com\/index.php\/wp-json\/wp\/v2\/pages\/630"}],"collection":[{"href":"https:\/\/meuherba.com\/index.php\/wp-json\/wp\/v2\/pages"}],"about":[{"href":"https:\/\/meuherba.com\/index.php\/wp-json\/wp\/v2\/types\/page"}],"author":[{"embeddable":true,"href":"https:\/\/meuherba.com\/index.php\/wp-json\/wp\/v2\/users\/1"}],"replies":[{"embeddable":true,"href":"https:\/\/meuherba.com\/index.php\/wp-json\/wp\/v2\/comments?post=630"}],"version-history":[{"count":28,"href":"https:\/\/meuherba.com\/index.php\/wp-json\/wp\/v2\/pages\/630\/revisions"}],"predecessor-version":[{"id":2093,"href":"https:\/\/meuherba.com\/index.php\/wp-json\/wp\/v2\/pages\/630\/revisions\/2093"}],"wp:attachment":[{"href":"https:\/\/meuherba.com\/index.php\/wp-json\/wp\/v2\/media?parent=630"}],"curies":[{"name":"wp","href":"https:\/\/api.w.org\/{rel}","templated":true}]}}