{"id":1117,"date":"2024-03-14T09:14:31","date_gmt":"2024-03-14T12:14:31","guid":{"rendered":"https:\/\/meuherba.com\/?page_id=1117"},"modified":"2024-03-21T18:15:35","modified_gmt":"2024-03-21T21:15:35","slug":"cr7-drive-810g","status":"publish","type":"page","link":"https:\/\/meuherba.com\/index.php\/cr7-drive-810g\/","title":{"rendered":"CR7 Drive 810g"},"content":{"rendered":"\t\t<div data-elementor-type=\"wp-page\" data-elementor-id=\"1117\" class=\"elementor elementor-1117\" data-elementor-post-type=\"page\">\n\t\t\t\t<div class=\"elementor-element elementor-element-074825e e-flex e-con-boxed e-con e-parent\" data-id=\"074825e\" data-element_type=\"container\" data-settings=\"{&quot;content_width&quot;:&quot;boxed&quot;}\" data-core-v316-plus=\"true\">\n\t\t\t\t\t<div class=\"e-con-inner\">\n\t\t<div class=\"elementor-element elementor-element-7396813 e-con-full e-flex e-con e-child\" data-id=\"7396813\" data-element_type=\"container\" data-settings=\"{&quot;content_width&quot;:&quot;full&quot;}\">\n\t\t\t\t<div class=\"elementor-element elementor-element-d505b34 elementor-widget elementor-widget-image\" data-id=\"d505b34\" data-element_type=\"widget\" data-widget_type=\"image.default\">\n\t\t\t\t<div class=\"elementor-widget-container\">\n\t\t\t<style>\/*! elementor - v3.19.0 - 28-02-2024 *\/\n.elementor-widget-image{text-align:center}.elementor-widget-image a{display:inline-block}.elementor-widget-image a img[src$=\".svg\"]{width:48px}.elementor-widget-image img{vertical-align:middle;display:inline-block}<\/style>\t\t\t\t\t\t\t\t\t\t<img fetchpriority=\"high\" decoding=\"async\" width=\"303\" height=\"320\" src=\"https:\/\/meuherba.com\/wp-content\/uploads\/2024\/03\/1q-1969-cr7-driv.webp\" class=\"attachment-large size-large wp-image-593\" alt=\"\" srcset=\"https:\/\/meuherba.com\/wp-content\/uploads\/2024\/03\/1q-1969-cr7-driv.webp 303w, https:\/\/meuherba.com\/wp-content\/uploads\/2024\/03\/1q-1969-cr7-driv-284x300.webp 284w, https:\/\/meuherba.com\/wp-content\/uploads\/2024\/03\/1q-1969-cr7-driv-64x68.webp 64w\" sizes=\"(max-width: 303px) 100vw, 303px\" \/>\t\t\t\t\t\t\t\t\t\t\t\t\t<\/div>\n\t\t\t\t<\/div>\n\t\t\t\t<\/div>\n\t\t<div class=\"elementor-element elementor-element-19305d7 e-con-full e-flex e-con e-child\" data-id=\"19305d7\" data-element_type=\"container\" data-settings=\"{&quot;content_width&quot;:&quot;full&quot;}\">\n\t\t\t\t<div class=\"elementor-element elementor-element-c866da0 elementor-widget elementor-widget-heading\" data-id=\"c866da0\" data-element_type=\"widget\" data-widget_type=\"heading.default\">\n\t\t\t\t<div class=\"elementor-widget-container\">\n\t\t\t<style>\/*! elementor - v3.19.0 - 28-02-2024 *\/\n.elementor-heading-title{padding:0;margin:0;line-height:1}.elementor-widget-heading .elementor-heading-title[class*=elementor-size-]>a{color:inherit;font-size:inherit;line-height:inherit}.elementor-widget-heading .elementor-heading-title.elementor-size-small{font-size:15px}.elementor-widget-heading .elementor-heading-title.elementor-size-medium{font-size:19px}.elementor-widget-heading .elementor-heading-title.elementor-size-large{font-size:29px}.elementor-widget-heading .elementor-heading-title.elementor-size-xl{font-size:39px}.elementor-widget-heading .elementor-heading-title.elementor-size-xxl{font-size:59px}<\/style><h2 class=\"elementor-heading-title elementor-size-default\">CR7 Drive 810g\n<\/h2>\t\t<\/div>\n\t\t\t\t<\/div>\n\t\t\t\t<div class=\"elementor-element elementor-element-7fdf615 elementor-align-left elementor-mobile-align-center elementor-widget elementor-widget-button\" data-id=\"7fdf615\" data-element_type=\"widget\" data-widget_type=\"button.default\">\n\t\t\t\t<div class=\"elementor-widget-container\">\n\t\t\t\t\t<div class=\"elementor-button-wrapper\">\n\t\t\t<a class=\"elementor-button elementor-button-link elementor-size-sm\" href=\"https:\/\/api.whatsapp.com\/send?phone=5511971829371&#038;text=Ol%C3%A1,%20gostaria%20de%20adquirir%20CR7%20Drive%20810g\">\n\t\t\t\t\t\t<span class=\"elementor-button-content-wrapper\">\n\t\t\t\t\t\t<span class=\"elementor-button-text\">Quero adiquirir<\/span>\n\t\t<\/span>\n\t\t\t\t\t<\/a>\n\t\t<\/div>\n\t\t\t\t<\/div>\n\t\t\t\t<\/div>\n\t\t\t\t<\/div>\n\t\t\t\t\t<\/div>\n\t\t\t\t<\/div>\n\t\t<div class=\"elementor-element elementor-element-51798ab e-flex e-con-boxed e-con e-parent\" data-id=\"51798ab\" data-element_type=\"container\" data-settings=\"{&quot;background_background&quot;:&quot;classic&quot;,&quot;content_width&quot;:&quot;boxed&quot;}\" data-core-v316-plus=\"true\">\n\t\t\t\t\t<div class=\"e-con-inner\">\n\t\t\t\t\t<\/div>\n\t\t\t\t<\/div>\n\t\t<div class=\"elementor-element elementor-element-61cbfe5 e-flex e-con-boxed e-con e-parent\" data-id=\"61cbfe5\" data-element_type=\"container\" data-settings=\"{&quot;content_width&quot;:&quot;boxed&quot;}\" data-core-v316-plus=\"true\">\n\t\t\t\t\t<div class=\"e-con-inner\">\n\t\t<div class=\"elementor-element elementor-element-5a56144 e-con-full e-flex e-con e-child\" data-id=\"5a56144\" data-element_type=\"container\" data-settings=\"{&quot;content_width&quot;:&quot;full&quot;}\">\n\t\t\t\t<div class=\"elementor-element elementor-element-063a807 elementor-widget elementor-widget-heading\" data-id=\"063a807\" data-element_type=\"widget\" data-widget_type=\"heading.default\">\n\t\t\t\t<div class=\"elementor-widget-container\">\n\t\t\t<h2 class=\"elementor-heading-title elementor-size-default\">CR7 DRIVE | ACELERE SUAS CONQUISTAS\n<\/h2>\t\t<\/div>\n\t\t\t\t<\/div>\n\t\t\t\t<div class=\"elementor-element elementor-element-a0dce3f elementor-widget elementor-widget-text-editor\" data-id=\"a0dce3f\" data-element_type=\"widget\" data-widget_type=\"text-editor.default\">\n\t\t\t\t<div class=\"elementor-widget-container\">\n\t\t\t<style>\/*! elementor - v3.19.0 - 28-02-2024 *\/\n.elementor-widget-text-editor.elementor-drop-cap-view-stacked .elementor-drop-cap{background-color:#69727d;color:#fff}.elementor-widget-text-editor.elementor-drop-cap-view-framed .elementor-drop-cap{color:#69727d;border:3px solid;background-color:transparent}.elementor-widget-text-editor:not(.elementor-drop-cap-view-default) .elementor-drop-cap{margin-top:8px}.elementor-widget-text-editor:not(.elementor-drop-cap-view-default) .elementor-drop-cap-letter{width:1em;height:1em}.elementor-widget-text-editor .elementor-drop-cap{float:left;text-align:center;line-height:1;font-size:50px}.elementor-widget-text-editor .elementor-drop-cap-letter{display:inline-block}<\/style>\t\t\t\t<div class=\"col-lg-6\"><p>CR7 \u00e9 o equil\u00edbrio perfeito entre eletr\u00f3litos, carboidratos, vitaminas e minerais.<\/p><div><br \/>Combina\u00e7\u00e3o ideal para hidratar, fornecer energia e contribuir para a performance da atividade f\u00edsica intensa.<\/div><div>\u00a0<\/div><div>Sabor leve e refrescante, inspirado em frutas silvestres |\u00a0Eletr\u00f3litos (S\u00f3dio e Pot\u00e1ssio).\u00a0<\/div><div>\u00a0<\/div><div>Vitaminas e minerais (B1, B12 e Magn\u00e9sio), supre perdas de nutrientes que participam do metabolismo energ\u00e9tico e do processo de contra\u00e7\u00e3o muscular.<\/div><\/div><div class=\"col-lg-6\">\u00a0<\/div>\t\t\t\t\t\t<\/div>\n\t\t\t\t<\/div>\n\t\t\t\t<\/div>\n\t\t<div class=\"elementor-element elementor-element-f4e1f4a e-con-full e-flex e-con e-child\" data-id=\"f4e1f4a\" data-element_type=\"container\" data-settings=\"{&quot;content_width&quot;:&quot;full&quot;}\">\n\t\t\t\t<div class=\"elementor-element elementor-element-bd2ec1d elementor-widget elementor-widget-heading\" data-id=\"bd2ec1d\" data-element_type=\"widget\" data-widget_type=\"heading.default\">\n\t\t\t\t<div class=\"elementor-widget-container\">\n\t\t\t<h2 class=\"elementor-heading-title elementor-size-default\">COMO FUNCIONA?\n<\/h2>\t\t<\/div>\n\t\t\t\t<\/div>\n\t\t\t\t<div class=\"elementor-element elementor-element-3e0b5ee elementor-widget elementor-widget-text-editor\" data-id=\"3e0b5ee\" data-element_type=\"widget\" data-widget_type=\"text-editor.default\">\n\t\t\t\t<div class=\"elementor-widget-container\">\n\t\t\t\t\t\t\t<p>Hidrata e rep\u00f5e sais, perdidos pela transpira\u00e7\u00e3o, que regulam processos no organismo durante a atividade f\u00edsica, como: press\u00e3o arterial, volume sangu\u00edneo para um adequado transporte de oxig\u00eanio e mol\u00e9culas diversas, temperatura corporal, reconstru\u00e7\u00e3o de tecidos e contra\u00e7\u00e3o muscular.<\/p><p>4 fontes de carboidratos (dextrose, sacarose,maltodextrina e isomaltulose) Combina\u00e7\u00e3o de carboidratos simples e complexos que fornecem, mant\u00e9m e rep\u00f5e energia gasta na atividade f\u00edsica, aumentando os estoques de glicog\u00eanio, melhorando o desempenho f\u00edsico.<\/p><div>Use antes, durante ou depois da pr\u00e1tica esportiva.<\/div>\t\t\t\t\t\t<\/div>\n\t\t\t\t<\/div>\n\t\t\t\t<\/div>\n\t\t\t\t\t<\/div>\n\t\t\t\t<\/div>\n\t\t<div class=\"elementor-element elementor-element-25ea5f8 e-flex e-con-boxed e-con e-parent\" data-id=\"25ea5f8\" data-element_type=\"container\" data-settings=\"{&quot;background_background&quot;:&quot;classic&quot;,&quot;content_width&quot;:&quot;boxed&quot;}\" data-core-v316-plus=\"true\">\n\t\t\t\t\t<div class=\"e-con-inner\">\n\t\t<div class=\"elementor-element elementor-element-4c74ff6 e-con-full e-flex e-con e-child\" data-id=\"4c74ff6\" data-element_type=\"container\" data-settings=\"{&quot;content_width&quot;:&quot;full&quot;}\">\n\t\t\t\t<div class=\"elementor-element elementor-element-b47429b elementor-widget elementor-widget-image\" data-id=\"b47429b\" data-element_type=\"widget\" data-widget_type=\"image.default\">\n\t\t\t\t<div class=\"elementor-widget-container\">\n\t\t\t\t\t\t\t\t\t\t\t\t\t<img decoding=\"async\" width=\"690\" height=\"510\" src=\"https:\/\/meuherba.com\/wp-content\/uploads\/2024\/03\/62-2296c-cr7-drive-810g.png\" class=\"attachment-large size-large wp-image-1126\" alt=\"\" srcset=\"https:\/\/meuherba.com\/wp-content\/uploads\/2024\/03\/62-2296c-cr7-drive-810g.png 690w, https:\/\/meuherba.com\/wp-content\/uploads\/2024\/03\/62-2296c-cr7-drive-810g-300x222.png 300w\" sizes=\"(max-width: 690px) 100vw, 690px\" \/>\t\t\t\t\t\t\t\t\t\t\t\t\t<\/div>\n\t\t\t\t<\/div>\n\t\t\t\t<\/div>\n\t\t<div class=\"elementor-element elementor-element-3baadf8 e-con-full e-flex e-con e-child\" data-id=\"3baadf8\" data-element_type=\"container\" data-settings=\"{&quot;content_width&quot;:&quot;full&quot;}\">\n\t\t\t\t<div class=\"elementor-element elementor-element-44a9559 elementor-widget elementor-widget-image\" data-id=\"44a9559\" data-element_type=\"widget\" data-widget_type=\"image.default\">\n\t\t\t\t<div class=\"elementor-widget-container\">\n\t\t\t\t\t\t\t\t\t\t\t\t\t<img decoding=\"async\" width=\"530\" height=\"300\" src=\"https:\/\/meuherba.com\/wp-content\/uploads\/2024\/03\/62-1087b-cr7-drive-810g.png\" class=\"attachment-large size-large wp-image-1127\" alt=\"\" srcset=\"https:\/\/meuherba.com\/wp-content\/uploads\/2024\/03\/62-1087b-cr7-drive-810g.png 530w, https:\/\/meuherba.com\/wp-content\/uploads\/2024\/03\/62-1087b-cr7-drive-810g-300x170.png 300w\" sizes=\"(max-width: 530px) 100vw, 530px\" \/>\t\t\t\t\t\t\t\t\t\t\t\t\t<\/div>\n\t\t\t\t<\/div>\n\t\t\t\t<\/div>\n\t\t\t\t\t<\/div>\n\t\t\t\t<\/div>\n\t\t<div class=\"elementor-element elementor-element-277f709 e-flex e-con-boxed e-con e-parent\" data-id=\"277f709\" data-element_type=\"container\" data-settings=\"{&quot;content_width&quot;:&quot;boxed&quot;}\" data-core-v316-plus=\"true\">\n\t\t\t\t\t<div class=\"e-con-inner\">\n\t\t\t\t<div class=\"elementor-element elementor-element-7b46194 elementor-widget elementor-widget-heading\" data-id=\"7b46194\" data-element_type=\"widget\" data-widget_type=\"heading.default\">\n\t\t\t\t<div class=\"elementor-widget-container\">\n\t\t\t<h2 class=\"elementor-heading-title elementor-size-default\">INFORMA\u00c7\u00c3O NUTRICIONAL\n<\/h2>\t\t<\/div>\n\t\t\t\t<\/div>\n\t\t\t\t<div class=\"elementor-element elementor-element-0bc096a elementor-widget elementor-widget-image\" data-id=\"0bc096a\" data-element_type=\"widget\" data-widget_type=\"image.default\">\n\t\t\t\t<div class=\"elementor-widget-container\">\n\t\t\t\t\t\t\t\t\t\t\t\t\t<img loading=\"lazy\" decoding=\"async\" width=\"800\" height=\"259\" src=\"https:\/\/meuherba.com\/wp-content\/uploads\/2024\/03\/62-9397d-cr7-drive-810g-1024x332.png\" class=\"attachment-large size-large wp-image-1128\" alt=\"\" srcset=\"https:\/\/meuherba.com\/wp-content\/uploads\/2024\/03\/62-9397d-cr7-drive-810g-1024x332.png 1024w, https:\/\/meuherba.com\/wp-content\/uploads\/2024\/03\/62-9397d-cr7-drive-810g-300x97.png 300w, https:\/\/meuherba.com\/wp-content\/uploads\/2024\/03\/62-9397d-cr7-drive-810g-768x249.png 768w, https:\/\/meuherba.com\/wp-content\/uploads\/2024\/03\/62-9397d-cr7-drive-810g-1536x498.png 1536w, https:\/\/meuherba.com\/wp-content\/uploads\/2024\/03\/62-9397d-cr7-drive-810g-1320x428.png 1320w, https:\/\/meuherba.com\/wp-content\/uploads\/2024\/03\/62-9397d-cr7-drive-810g.png 1920w\" sizes=\"(max-width: 800px) 100vw, 800px\" \/>\t\t\t\t\t\t\t\t\t\t\t\t\t<\/div>\n\t\t\t\t<\/div>\n\t\t\t\t\t<\/div>\n\t\t\t\t<\/div>\n\t\t\t\t<\/div>\n\t\t","protected":false},"excerpt":{"rendered":"<p>CR7 Drive 810g Quero adiquirir CR7 DRIVE | ACELERE SUAS CONQUISTAS CR7 \u00e9 o equil\u00edbrio perfeito entre eletr\u00f3litos, carboidratos, vitaminas e minerais. Combina\u00e7\u00e3o ideal para hidratar, fornecer energia e contribuir para a performance da atividade f\u00edsica intensa.\u00a0Sabor leve e refrescante, inspirado em frutas silvestres |\u00a0Eletr\u00f3litos (S\u00f3dio e Pot\u00e1ssio).\u00a0\u00a0Vitaminas e minerais (B1, B12 e Magn\u00e9sio), supre [&hellip;]<\/p>\n","protected":false},"author":1,"featured_media":0,"parent":0,"menu_order":0,"comment_status":"closed","ping_status":"closed","template":"elementor_header_footer","meta":{"footnotes":""},"_links":{"self":[{"href":"https:\/\/meuherba.com\/index.php\/wp-json\/wp\/v2\/pages\/1117"}],"collection":[{"href":"https:\/\/meuherba.com\/index.php\/wp-json\/wp\/v2\/pages"}],"about":[{"href":"https:\/\/meuherba.com\/index.php\/wp-json\/wp\/v2\/types\/page"}],"author":[{"embeddable":true,"href":"https:\/\/meuherba.com\/index.php\/wp-json\/wp\/v2\/users\/1"}],"replies":[{"embeddable":true,"href":"https:\/\/meuherba.com\/index.php\/wp-json\/wp\/v2\/comments?post=1117"}],"version-history":[{"count":28,"href":"https:\/\/meuherba.com\/index.php\/wp-json\/wp\/v2\/pages\/1117\/revisions"}],"predecessor-version":[{"id":2173,"href":"https:\/\/meuherba.com\/index.php\/wp-json\/wp\/v2\/pages\/1117\/revisions\/2173"}],"wp:attachment":[{"href":"https:\/\/meuherba.com\/index.php\/wp-json\/wp\/v2\/media?parent=1117"}],"curies":[{"name":"wp","href":"https:\/\/api.w.org\/{rel}","templated":true}]}}