{"id":1102,"date":"2024-03-14T08:52:46","date_gmt":"2024-03-14T11:52:46","guid":{"rendered":"https:\/\/meuherba.com\/?page_id=1102"},"modified":"2024-03-21T18:12:17","modified_gmt":"2024-03-21T21:12:17","slug":"bcaa-511-120-tabletes","status":"publish","type":"page","link":"https:\/\/meuherba.com\/index.php\/bcaa-511-120-tabletes\/","title":{"rendered":"BCAA 5:1:1 120 Tabletes"},"content":{"rendered":"\t\t<div data-elementor-type=\"wp-page\" data-elementor-id=\"1102\" class=\"elementor elementor-1102\" data-elementor-post-type=\"page\">\n\t\t\t\t<div class=\"elementor-element elementor-element-1f7251a e-flex e-con-boxed e-con e-parent\" data-id=\"1f7251a\" data-element_type=\"container\" data-settings=\"{&quot;content_width&quot;:&quot;boxed&quot;}\" data-core-v316-plus=\"true\">\n\t\t\t\t\t<div class=\"e-con-inner\">\n\t\t<div class=\"elementor-element elementor-element-8bebba8 e-con-full e-flex e-con e-child\" data-id=\"8bebba8\" data-element_type=\"container\" data-settings=\"{&quot;content_width&quot;:&quot;full&quot;}\">\n\t\t\t\t<div class=\"elementor-element elementor-element-b72a644 elementor-widget elementor-widget-image\" data-id=\"b72a644\" data-element_type=\"widget\" data-widget_type=\"image.default\">\n\t\t\t\t<div class=\"elementor-widget-container\">\n\t\t\t<style>\/*! elementor - v3.19.0 - 28-02-2024 *\/\n.elementor-widget-image{text-align:center}.elementor-widget-image a{display:inline-block}.elementor-widget-image a img[src$=\".svg\"]{width:48px}.elementor-widget-image img{vertical-align:middle;display:inline-block}<\/style>\t\t\t\t\t\t\t\t\t\t<img fetchpriority=\"high\" decoding=\"async\" width=\"303\" height=\"320\" src=\"https:\/\/meuherba.com\/wp-content\/uploads\/2024\/03\/24-6011-bcaa-5-1.webp\" class=\"attachment-large size-large wp-image-592\" alt=\"\" srcset=\"https:\/\/meuherba.com\/wp-content\/uploads\/2024\/03\/24-6011-bcaa-5-1.webp 303w, https:\/\/meuherba.com\/wp-content\/uploads\/2024\/03\/24-6011-bcaa-5-1-284x300.webp 284w, https:\/\/meuherba.com\/wp-content\/uploads\/2024\/03\/24-6011-bcaa-5-1-64x68.webp 64w\" sizes=\"(max-width: 303px) 100vw, 303px\" \/>\t\t\t\t\t\t\t\t\t\t\t\t\t<\/div>\n\t\t\t\t<\/div>\n\t\t\t\t<\/div>\n\t\t<div class=\"elementor-element elementor-element-576568d e-con-full e-flex e-con e-child\" data-id=\"576568d\" data-element_type=\"container\" data-settings=\"{&quot;content_width&quot;:&quot;full&quot;}\">\n\t\t\t\t<div class=\"elementor-element elementor-element-d8de947 elementor-widget elementor-widget-heading\" data-id=\"d8de947\" data-element_type=\"widget\" data-widget_type=\"heading.default\">\n\t\t\t\t<div class=\"elementor-widget-container\">\n\t\t\t<style>\/*! elementor - v3.19.0 - 28-02-2024 *\/\n.elementor-heading-title{padding:0;margin:0;line-height:1}.elementor-widget-heading .elementor-heading-title[class*=elementor-size-]>a{color:inherit;font-size:inherit;line-height:inherit}.elementor-widget-heading .elementor-heading-title.elementor-size-small{font-size:15px}.elementor-widget-heading .elementor-heading-title.elementor-size-medium{font-size:19px}.elementor-widget-heading .elementor-heading-title.elementor-size-large{font-size:29px}.elementor-widget-heading .elementor-heading-title.elementor-size-xl{font-size:39px}.elementor-widget-heading .elementor-heading-title.elementor-size-xxl{font-size:59px}<\/style><h2 class=\"elementor-heading-title elementor-size-default\">BCAA 5:1:1 120 Tabletes\n<\/h2>\t\t<\/div>\n\t\t\t\t<\/div>\n\t\t\t\t<div class=\"elementor-element elementor-element-9b0e3a2 elementor-align-left elementor-mobile-align-center elementor-widget elementor-widget-button\" data-id=\"9b0e3a2\" data-element_type=\"widget\" data-widget_type=\"button.default\">\n\t\t\t\t<div class=\"elementor-widget-container\">\n\t\t\t\t\t<div class=\"elementor-button-wrapper\">\n\t\t\t<a class=\"elementor-button elementor-button-link elementor-size-sm\" href=\"https:\/\/api.whatsapp.com\/send?phone=5511971829371&#038;text=Ol%C3%A1,%20gostaria%20de%20adquirir%20BCAA%205:1:1%20120%20Tabletes\">\n\t\t\t\t\t\t<span class=\"elementor-button-content-wrapper\">\n\t\t\t\t\t\t<span class=\"elementor-button-text\">Quero adiquirir<\/span>\n\t\t<\/span>\n\t\t\t\t\t<\/a>\n\t\t<\/div>\n\t\t\t\t<\/div>\n\t\t\t\t<\/div>\n\t\t\t\t<\/div>\n\t\t\t\t\t<\/div>\n\t\t\t\t<\/div>\n\t\t<div class=\"elementor-element elementor-element-dbce25d e-flex e-con-boxed e-con e-parent\" data-id=\"dbce25d\" data-element_type=\"container\" data-settings=\"{&quot;background_background&quot;:&quot;classic&quot;,&quot;content_width&quot;:&quot;boxed&quot;}\" data-core-v316-plus=\"true\">\n\t\t\t\t\t<div class=\"e-con-inner\">\n\t\t\t\t\t<\/div>\n\t\t\t\t<\/div>\n\t\t<div class=\"elementor-element elementor-element-291550a e-flex e-con-boxed e-con e-parent\" data-id=\"291550a\" data-element_type=\"container\" data-settings=\"{&quot;content_width&quot;:&quot;boxed&quot;}\" data-core-v316-plus=\"true\">\n\t\t\t\t\t<div class=\"e-con-inner\">\n\t\t<div class=\"elementor-element elementor-element-c0e670d e-con-full e-flex e-con e-child\" data-id=\"c0e670d\" data-element_type=\"container\" data-settings=\"{&quot;content_width&quot;:&quot;full&quot;}\">\n\t\t\t\t<div class=\"elementor-element elementor-element-dbf2646 elementor-widget elementor-widget-heading\" data-id=\"dbf2646\" data-element_type=\"widget\" data-widget_type=\"heading.default\">\n\t\t\t\t<div class=\"elementor-widget-container\">\n\t\t\t<h2 class=\"elementor-heading-title elementor-size-default\">A PRATICIDADE DO BCAA EM TABLETES\n<\/h2>\t\t<\/div>\n\t\t\t\t<\/div>\n\t\t\t\t<div class=\"elementor-element elementor-element-7a1936c elementor-widget elementor-widget-text-editor\" data-id=\"7a1936c\" data-element_type=\"widget\" data-widget_type=\"text-editor.default\">\n\t\t\t\t<div class=\"elementor-widget-container\">\n\t\t\t<style>\/*! elementor - v3.19.0 - 28-02-2024 *\/\n.elementor-widget-text-editor.elementor-drop-cap-view-stacked .elementor-drop-cap{background-color:#69727d;color:#fff}.elementor-widget-text-editor.elementor-drop-cap-view-framed .elementor-drop-cap{color:#69727d;border:3px solid;background-color:transparent}.elementor-widget-text-editor:not(.elementor-drop-cap-view-default) .elementor-drop-cap{margin-top:8px}.elementor-widget-text-editor:not(.elementor-drop-cap-view-default) .elementor-drop-cap-letter{width:1em;height:1em}.elementor-widget-text-editor .elementor-drop-cap{float:left;text-align:center;line-height:1;font-size:50px}.elementor-widget-text-editor .elementor-drop-cap-letter{display:inline-block}<\/style>\t\t\t\t<div class=\"col-lg-6\"><p>6g de BCAA na propor\u00e7\u00e3o 5:1:1, com:\u00a0<\/p><p>5 partes de Leucina, 1 de Isoleucina e 1 de Valina;<\/p><p>*Essas informa\u00e7\u00f5es s\u00e3o de conhecimento cient\u00edfico sobre o(s) nutriente(s).\u00a0<\/p><p>\u00a0<\/p><p>\u00a0<\/p><\/div><div class=\"col-lg-6\">\u00a0<\/div>\t\t\t\t\t\t<\/div>\n\t\t\t\t<\/div>\n\t\t\t\t<\/div>\n\t\t<div class=\"elementor-element elementor-element-c43368c e-con-full e-flex e-con e-child\" data-id=\"c43368c\" data-element_type=\"container\" data-settings=\"{&quot;content_width&quot;:&quot;full&quot;}\">\n\t\t\t\t<div class=\"elementor-element elementor-element-b627a21 elementor-widget elementor-widget-heading\" data-id=\"b627a21\" data-element_type=\"widget\" data-widget_type=\"heading.default\">\n\t\t\t\t<div class=\"elementor-widget-container\">\n\t\t\t<h2 class=\"elementor-heading-title elementor-size-default\">COMO FUNCIONA?\n<\/h2>\t\t<\/div>\n\t\t\t\t<\/div>\n\t\t\t\t<div class=\"elementor-element elementor-element-fbc1311 elementor-widget elementor-widget-text-editor\" data-id=\"fbc1311\" data-element_type=\"widget\" data-widget_type=\"text-editor.default\">\n\t\t\t\t<div class=\"elementor-widget-container\">\n\t\t\t\t\t\t\t<p>Reduz o dano muscular ap\u00f3s o exerc\u00edcio*;<\/p><p>Cont\u00e9m Vitamina B6 que auxilia no metabolismo energ\u00e9tico, de prote\u00ednas e do glicog\u00eanio.<\/p><p>N\u00c3O CONT\u00c9M GL\u00daTEN.<\/p>\t\t\t\t\t\t<\/div>\n\t\t\t\t<\/div>\n\t\t\t\t<\/div>\n\t\t\t\t\t<\/div>\n\t\t\t\t<\/div>\n\t\t<div class=\"elementor-element elementor-element-b7f607b e-flex e-con-boxed e-con e-parent\" data-id=\"b7f607b\" data-element_type=\"container\" data-settings=\"{&quot;background_background&quot;:&quot;classic&quot;,&quot;content_width&quot;:&quot;boxed&quot;}\" data-core-v316-plus=\"true\">\n\t\t\t\t\t<div class=\"e-con-inner\">\n\t\t<div class=\"elementor-element elementor-element-e0f9618 e-con-full e-flex e-con e-child\" data-id=\"e0f9618\" data-element_type=\"container\" data-settings=\"{&quot;content_width&quot;:&quot;full&quot;}\">\n\t\t\t\t<div class=\"elementor-element elementor-element-f04e354 elementor-widget elementor-widget-image\" data-id=\"f04e354\" data-element_type=\"widget\" data-widget_type=\"image.default\">\n\t\t\t\t<div class=\"elementor-widget-container\">\n\t\t\t\t\t\t\t\t\t\t\t\t\t<img decoding=\"async\" width=\"690\" height=\"510\" src=\"https:\/\/meuherba.com\/wp-content\/uploads\/2024\/03\/76-7903c-bcaa-5-1-1-120-tabl.png\" class=\"attachment-large size-large wp-image-1109\" alt=\"\" srcset=\"https:\/\/meuherba.com\/wp-content\/uploads\/2024\/03\/76-7903c-bcaa-5-1-1-120-tabl.png 690w, https:\/\/meuherba.com\/wp-content\/uploads\/2024\/03\/76-7903c-bcaa-5-1-1-120-tabl-300x222.png 300w\" sizes=\"(max-width: 690px) 100vw, 690px\" \/>\t\t\t\t\t\t\t\t\t\t\t\t\t<\/div>\n\t\t\t\t<\/div>\n\t\t\t\t<\/div>\n\t\t<div class=\"elementor-element elementor-element-bde77f5 e-con-full e-flex e-con e-child\" data-id=\"bde77f5\" data-element_type=\"container\" data-settings=\"{&quot;content_width&quot;:&quot;full&quot;}\">\n\t\t\t\t<div class=\"elementor-element elementor-element-ae9963c elementor-widget elementor-widget-image\" data-id=\"ae9963c\" data-element_type=\"widget\" data-widget_type=\"image.default\">\n\t\t\t\t<div class=\"elementor-widget-container\">\n\t\t\t\t\t\t\t\t\t\t\t\t\t<img decoding=\"async\" width=\"530\" height=\"300\" src=\"https:\/\/meuherba.com\/wp-content\/uploads\/2024\/03\/76-5448b-bcaa-5-1-1-120-tabl.png\" class=\"attachment-large size-large wp-image-1108\" alt=\"\" srcset=\"https:\/\/meuherba.com\/wp-content\/uploads\/2024\/03\/76-5448b-bcaa-5-1-1-120-tabl.png 530w, https:\/\/meuherba.com\/wp-content\/uploads\/2024\/03\/76-5448b-bcaa-5-1-1-120-tabl-300x170.png 300w\" sizes=\"(max-width: 530px) 100vw, 530px\" \/>\t\t\t\t\t\t\t\t\t\t\t\t\t<\/div>\n\t\t\t\t<\/div>\n\t\t\t\t<\/div>\n\t\t\t\t\t<\/div>\n\t\t\t\t<\/div>\n\t\t<div class=\"elementor-element elementor-element-c08091f e-flex e-con-boxed e-con e-parent\" data-id=\"c08091f\" data-element_type=\"container\" data-settings=\"{&quot;content_width&quot;:&quot;boxed&quot;}\" data-core-v316-plus=\"true\">\n\t\t\t\t\t<div class=\"e-con-inner\">\n\t\t\t\t<div class=\"elementor-element elementor-element-6a8ba91 elementor-widget elementor-widget-heading\" data-id=\"6a8ba91\" data-element_type=\"widget\" data-widget_type=\"heading.default\">\n\t\t\t\t<div class=\"elementor-widget-container\">\n\t\t\t<h2 class=\"elementor-heading-title elementor-size-default\">INFORMA\u00c7\u00c3O NUTRICIONAL\n<\/h2>\t\t<\/div>\n\t\t\t\t<\/div>\n\t\t\t\t<div class=\"elementor-element elementor-element-226e8d1 elementor-widget elementor-widget-image\" data-id=\"226e8d1\" data-element_type=\"widget\" data-widget_type=\"image.default\">\n\t\t\t\t<div class=\"elementor-widget-container\">\n\t\t\t\t\t\t\t\t\t\t\t\t\t<img loading=\"lazy\" decoding=\"async\" width=\"800\" height=\"291\" src=\"https:\/\/meuherba.com\/wp-content\/uploads\/2024\/03\/76-8280d-bcaa-5-1-1-120-tabl-1024x373.png\" class=\"attachment-large size-large wp-image-1110\" alt=\"\" srcset=\"https:\/\/meuherba.com\/wp-content\/uploads\/2024\/03\/76-8280d-bcaa-5-1-1-120-tabl-1024x373.png 1024w, https:\/\/meuherba.com\/wp-content\/uploads\/2024\/03\/76-8280d-bcaa-5-1-1-120-tabl-300x109.png 300w, https:\/\/meuherba.com\/wp-content\/uploads\/2024\/03\/76-8280d-bcaa-5-1-1-120-tabl-768x280.png 768w, https:\/\/meuherba.com\/wp-content\/uploads\/2024\/03\/76-8280d-bcaa-5-1-1-120-tabl-1536x560.png 1536w, https:\/\/meuherba.com\/wp-content\/uploads\/2024\/03\/76-8280d-bcaa-5-1-1-120-tabl-1320x481.png 1320w, https:\/\/meuherba.com\/wp-content\/uploads\/2024\/03\/76-8280d-bcaa-5-1-1-120-tabl.png 1920w\" sizes=\"(max-width: 800px) 100vw, 800px\" \/>\t\t\t\t\t\t\t\t\t\t\t\t\t<\/div>\n\t\t\t\t<\/div>\n\t\t\t\t\t<\/div>\n\t\t\t\t<\/div>\n\t\t\t\t<\/div>\n\t\t","protected":false},"excerpt":{"rendered":"<p>BCAA 5:1:1 120 Tabletes Quero adiquirir A PRATICIDADE DO BCAA EM TABLETES 6g de BCAA na propor\u00e7\u00e3o 5:1:1, com:\u00a0 5 partes de Leucina, 1 de Isoleucina e 1 de Valina; *Essas informa\u00e7\u00f5es s\u00e3o de conhecimento cient\u00edfico sobre o(s) nutriente(s).\u00a0 \u00a0 \u00a0 \u00a0 COMO FUNCIONA? Reduz o dano muscular ap\u00f3s o exerc\u00edcio*; Cont\u00e9m Vitamina B6 que [&hellip;]<\/p>\n","protected":false},"author":1,"featured_media":0,"parent":0,"menu_order":0,"comment_status":"closed","ping_status":"closed","template":"elementor_header_footer","meta":{"footnotes":""},"_links":{"self":[{"href":"https:\/\/meuherba.com\/index.php\/wp-json\/wp\/v2\/pages\/1102"}],"collection":[{"href":"https:\/\/meuherba.com\/index.php\/wp-json\/wp\/v2\/pages"}],"about":[{"href":"https:\/\/meuherba.com\/index.php\/wp-json\/wp\/v2\/types\/page"}],"author":[{"embeddable":true,"href":"https:\/\/meuherba.com\/index.php\/wp-json\/wp\/v2\/users\/1"}],"replies":[{"embeddable":true,"href":"https:\/\/meuherba.com\/index.php\/wp-json\/wp\/v2\/comments?post=1102"}],"version-history":[{"count":28,"href":"https:\/\/meuherba.com\/index.php\/wp-json\/wp\/v2\/pages\/1102\/revisions"}],"predecessor-version":[{"id":2170,"href":"https:\/\/meuherba.com\/index.php\/wp-json\/wp\/v2\/pages\/1102\/revisions\/2170"}],"wp:attachment":[{"href":"https:\/\/meuherba.com\/index.php\/wp-json\/wp\/v2\/media?parent=1102"}],"curies":[{"name":"wp","href":"https:\/\/api.w.org\/{rel}","templated":true}]}}