{"id":1038,"date":"2024-03-14T08:26:04","date_gmt":"2024-03-14T11:26:04","guid":{"rendered":"https:\/\/meuherba.com\/?page_id=1038"},"modified":"2024-03-21T18:01:49","modified_gmt":"2024-03-21T21:01:49","slug":"herbal-aloe-shampoo-250ml","status":"publish","type":"page","link":"https:\/\/meuherba.com\/index.php\/herbal-aloe-shampoo-250ml\/","title":{"rendered":"Herbal Aloe Shampoo 250ml"},"content":{"rendered":"\t\t<div data-elementor-type=\"wp-page\" data-elementor-id=\"1038\" class=\"elementor elementor-1038\" data-elementor-post-type=\"page\">\n\t\t\t\t<div class=\"elementor-element elementor-element-0582346 e-flex e-con-boxed e-con e-parent\" data-id=\"0582346\" data-element_type=\"container\" data-settings=\"{&quot;content_width&quot;:&quot;boxed&quot;}\" data-core-v316-plus=\"true\">\n\t\t\t\t\t<div class=\"e-con-inner\">\n\t\t<div class=\"elementor-element elementor-element-00dfc89 e-con-full e-flex e-con e-child\" data-id=\"00dfc89\" data-element_type=\"container\" data-settings=\"{&quot;content_width&quot;:&quot;full&quot;}\">\n\t\t\t\t<div class=\"elementor-element elementor-element-ffa655f elementor-widget elementor-widget-image\" data-id=\"ffa655f\" data-element_type=\"widget\" data-widget_type=\"image.default\">\n\t\t\t\t<div class=\"elementor-widget-container\">\n\t\t\t<style>\/*! elementor - v3.19.0 - 28-02-2024 *\/\n.elementor-widget-image{text-align:center}.elementor-widget-image a{display:inline-block}.elementor-widget-image a img[src$=\".svg\"]{width:48px}.elementor-widget-image img{vertical-align:middle;display:inline-block}<\/style>\t\t\t\t\t\t\t\t\t\t<img fetchpriority=\"high\" decoding=\"async\" width=\"303\" height=\"320\" src=\"https:\/\/meuherba.com\/wp-content\/uploads\/2024\/03\/1z-9723-shampoo-1.webp\" class=\"attachment-large size-large wp-image-566\" alt=\"\" srcset=\"https:\/\/meuherba.com\/wp-content\/uploads\/2024\/03\/1z-9723-shampoo-1.webp 303w, https:\/\/meuherba.com\/wp-content\/uploads\/2024\/03\/1z-9723-shampoo-1-284x300.webp 284w, https:\/\/meuherba.com\/wp-content\/uploads\/2024\/03\/1z-9723-shampoo-1-64x68.webp 64w\" sizes=\"(max-width: 303px) 100vw, 303px\" \/>\t\t\t\t\t\t\t\t\t\t\t\t\t<\/div>\n\t\t\t\t<\/div>\n\t\t\t\t<\/div>\n\t\t<div class=\"elementor-element elementor-element-5620e15 e-con-full e-flex e-con e-child\" data-id=\"5620e15\" data-element_type=\"container\" data-settings=\"{&quot;content_width&quot;:&quot;full&quot;}\">\n\t\t\t\t<div class=\"elementor-element elementor-element-b8e0482 elementor-widget elementor-widget-heading\" data-id=\"b8e0482\" data-element_type=\"widget\" data-widget_type=\"heading.default\">\n\t\t\t\t<div class=\"elementor-widget-container\">\n\t\t\t<style>\/*! elementor - v3.19.0 - 28-02-2024 *\/\n.elementor-heading-title{padding:0;margin:0;line-height:1}.elementor-widget-heading .elementor-heading-title[class*=elementor-size-]>a{color:inherit;font-size:inherit;line-height:inherit}.elementor-widget-heading .elementor-heading-title.elementor-size-small{font-size:15px}.elementor-widget-heading .elementor-heading-title.elementor-size-medium{font-size:19px}.elementor-widget-heading .elementor-heading-title.elementor-size-large{font-size:29px}.elementor-widget-heading .elementor-heading-title.elementor-size-xl{font-size:39px}.elementor-widget-heading .elementor-heading-title.elementor-size-xxl{font-size:59px}<\/style><h2 class=\"elementor-heading-title elementor-size-default\">Herbal Aloe Shampoo 250ml\n<\/h2>\t\t<\/div>\n\t\t\t\t<\/div>\n\t\t\t\t<div class=\"elementor-element elementor-element-449e735 elementor-align-left elementor-mobile-align-center elementor-widget elementor-widget-button\" data-id=\"449e735\" data-element_type=\"widget\" data-widget_type=\"button.default\">\n\t\t\t\t<div class=\"elementor-widget-container\">\n\t\t\t\t\t<div class=\"elementor-button-wrapper\">\n\t\t\t<a class=\"elementor-button elementor-button-link elementor-size-sm\" href=\"https:\/\/api.whatsapp.com\/send?phone=5511971829371&#038;text=Ol%C3%A1,%20gostaria%20de%20adquirir%20Herbal%20Aloe%20Shampoo\">\n\t\t\t\t\t\t<span class=\"elementor-button-content-wrapper\">\n\t\t\t\t\t\t<span class=\"elementor-button-text\">Quero adiquirir<\/span>\n\t\t<\/span>\n\t\t\t\t\t<\/a>\n\t\t<\/div>\n\t\t\t\t<\/div>\n\t\t\t\t<\/div>\n\t\t\t\t<\/div>\n\t\t\t\t\t<\/div>\n\t\t\t\t<\/div>\n\t\t<div class=\"elementor-element elementor-element-1136ec5 e-flex e-con-boxed e-con e-parent\" data-id=\"1136ec5\" data-element_type=\"container\" data-settings=\"{&quot;background_background&quot;:&quot;classic&quot;,&quot;content_width&quot;:&quot;boxed&quot;}\" data-core-v316-plus=\"true\">\n\t\t\t\t\t<div class=\"e-con-inner\">\n\t\t\t\t\t<\/div>\n\t\t\t\t<\/div>\n\t\t<div class=\"elementor-element elementor-element-ab3322d e-flex e-con-boxed e-con e-parent\" data-id=\"ab3322d\" data-element_type=\"container\" data-settings=\"{&quot;content_width&quot;:&quot;boxed&quot;}\" data-core-v316-plus=\"true\">\n\t\t\t\t\t<div class=\"e-con-inner\">\n\t\t<div class=\"elementor-element elementor-element-e748633 e-con-full e-flex e-con e-child\" data-id=\"e748633\" data-element_type=\"container\" data-settings=\"{&quot;content_width&quot;:&quot;full&quot;}\">\n\t\t\t\t<div class=\"elementor-element elementor-element-a27983d elementor-widget elementor-widget-heading\" data-id=\"a27983d\" data-element_type=\"widget\" data-widget_type=\"heading.default\">\n\t\t\t\t<div class=\"elementor-widget-container\">\n\t\t\t<h2 class=\"elementor-heading-title elementor-size-default\">SHAMPOO FORTIFICANTE | HERBAL ALOE\n<\/h2>\t\t<\/div>\n\t\t\t\t<\/div>\n\t\t\t\t<div class=\"elementor-element elementor-element-76a0c66 elementor-widget elementor-widget-text-editor\" data-id=\"76a0c66\" data-element_type=\"widget\" data-widget_type=\"text-editor.default\">\n\t\t\t\t<div class=\"elementor-widget-container\">\n\t\t\t<style>\/*! elementor - v3.19.0 - 28-02-2024 *\/\n.elementor-widget-text-editor.elementor-drop-cap-view-stacked .elementor-drop-cap{background-color:#69727d;color:#fff}.elementor-widget-text-editor.elementor-drop-cap-view-framed .elementor-drop-cap{color:#69727d;border:3px solid;background-color:transparent}.elementor-widget-text-editor:not(.elementor-drop-cap-view-default) .elementor-drop-cap{margin-top:8px}.elementor-widget-text-editor:not(.elementor-drop-cap-view-default) .elementor-drop-cap-letter{width:1em;height:1em}.elementor-widget-text-editor .elementor-drop-cap{float:left;text-align:center;line-height:1;font-size:50px}.elementor-widget-text-editor .elementor-drop-cap-letter{display:inline-block}<\/style>\t\t\t\t<div class=\"col-lg-6\"><div>Shampoo para uso di\u00e1rio, com prote\u00ednas de trigo hidrolisadas que penetram no cabelo e o fortificam e limpadores macios que geram espuma abundante.<div>\u00a0<\/div><div>Aloe vera adiciona umidade ao cabelo, deixa o cabelo 10 vezes mais forte ap\u00f3s a primeira aplica\u00e7\u00e3o e reduz o cabelo quebradi\u00e7o em 90%.*<\/div><div>\u00a0<\/div><div>Repara o cabelo deixando-o mais macio, mais solto e sedoso ap\u00f3s a primeira aplica\u00e7\u00e3o.*Esta f\u00f3rmula ajuda a preservar a cor do cabelo.<\/div><div><div>\u00a0<\/div><\/div><\/div><p>\u00a0<\/p><\/div><div class=\"col-lg-6\">\u00a0<\/div>\t\t\t\t\t\t<\/div>\n\t\t\t\t<\/div>\n\t\t\t\t<\/div>\n\t\t<div class=\"elementor-element elementor-element-1207658 e-con-full e-flex e-con e-child\" data-id=\"1207658\" data-element_type=\"container\" data-settings=\"{&quot;content_width&quot;:&quot;full&quot;}\">\n\t\t\t\t<div class=\"elementor-element elementor-element-67589c0 elementor-widget elementor-widget-heading\" data-id=\"67589c0\" data-element_type=\"widget\" data-widget_type=\"heading.default\">\n\t\t\t\t<div class=\"elementor-widget-container\">\n\t\t\t<h2 class=\"elementor-heading-title elementor-size-default\">\nVOC\u00ca SABIA?\n<\/h2>\t\t<\/div>\n\t\t\t\t<\/div>\n\t\t\t\t<div class=\"elementor-element elementor-element-5b7ad85 elementor-widget elementor-widget-text-editor\" data-id=\"5b7ad85\" data-element_type=\"widget\" data-widget_type=\"text-editor.default\">\n\t\t\t\t<div class=\"elementor-widget-container\">\n\t\t\t\t\t\t\t<p>Aloe Vera: ingrediente natural que proporciona brilho e maciez aos cabelos, ingredientes bot\u00e2nicos: hidratam e suavizam os cabelos.<\/p><div>\u00a0<\/div><div>Prote\u00edna hidrolisada do trigo ou microprote\u00edna: capaz de penetrar profundamente na estrutura do cabelo a fim de proteger e reparar os fios.\u00a0Tamb\u00e9m aumenta a capacidade do cabelo em reter a umidade, deixando-o suave e brilhante, \u00f3leo de Jojoba: deixa os cabelos macios e hidratados.<\/div><div>\u00a0<\/div><p>Com ingredientes bot\u00e2nicos\u00a0<strong>|<\/strong>\u00a0Sem adi\u00e7\u00e3o de parabenos<strong>\u00a0|<\/strong>\u00a0Sem adi\u00e7\u00e3o de sulfatos<\/p>\t\t\t\t\t\t<\/div>\n\t\t\t\t<\/div>\n\t\t\t\t<\/div>\n\t\t\t\t\t<\/div>\n\t\t\t\t<\/div>\n\t\t<div class=\"elementor-element elementor-element-70bd8ab e-flex e-con-boxed e-con e-parent\" data-id=\"70bd8ab\" data-element_type=\"container\" data-settings=\"{&quot;background_background&quot;:&quot;classic&quot;,&quot;content_width&quot;:&quot;boxed&quot;}\" data-core-v316-plus=\"true\">\n\t\t\t\t\t<div class=\"e-con-inner\">\n\t\t<div class=\"elementor-element elementor-element-3e3bfa7 e-con-full e-flex e-con e-child\" data-id=\"3e3bfa7\" data-element_type=\"container\" data-settings=\"{&quot;content_width&quot;:&quot;full&quot;}\">\n\t\t\t\t<div class=\"elementor-element elementor-element-0df2be8 elementor-widget elementor-widget-image\" data-id=\"0df2be8\" data-element_type=\"widget\" data-widget_type=\"image.default\">\n\t\t\t\t<div class=\"elementor-widget-container\">\n\t\t\t\t\t\t\t\t\t\t\t\t\t<img decoding=\"async\" width=\"690\" height=\"510\" src=\"https:\/\/meuherba.com\/wp-content\/uploads\/2024\/03\/72-5879c-condicionador-hidra.png\" class=\"attachment-large size-large wp-image-1030\" alt=\"\" srcset=\"https:\/\/meuherba.com\/wp-content\/uploads\/2024\/03\/72-5879c-condicionador-hidra.png 690w, https:\/\/meuherba.com\/wp-content\/uploads\/2024\/03\/72-5879c-condicionador-hidra-300x222.png 300w\" sizes=\"(max-width: 690px) 100vw, 690px\" \/>\t\t\t\t\t\t\t\t\t\t\t\t\t<\/div>\n\t\t\t\t<\/div>\n\t\t\t\t<\/div>\n\t\t<div class=\"elementor-element elementor-element-5b2f54d e-con-full e-flex e-con e-child\" data-id=\"5b2f54d\" data-element_type=\"container\" data-settings=\"{&quot;content_width&quot;:&quot;full&quot;}\">\n\t\t\t\t<div class=\"elementor-element elementor-element-093400b elementor-widget elementor-widget-image\" data-id=\"093400b\" data-element_type=\"widget\" data-widget_type=\"image.default\">\n\t\t\t\t<div class=\"elementor-widget-container\">\n\t\t\t\t\t\t\t\t\t\t\t\t\t<img decoding=\"async\" width=\"530\" height=\"300\" src=\"https:\/\/meuherba.com\/wp-content\/uploads\/2024\/03\/71-6764b-shampoo-hidratante-.png\" class=\"attachment-large size-large wp-image-1044\" alt=\"\" srcset=\"https:\/\/meuherba.com\/wp-content\/uploads\/2024\/03\/71-6764b-shampoo-hidratante-.png 530w, https:\/\/meuherba.com\/wp-content\/uploads\/2024\/03\/71-6764b-shampoo-hidratante--300x170.png 300w\" sizes=\"(max-width: 530px) 100vw, 530px\" \/>\t\t\t\t\t\t\t\t\t\t\t\t\t<\/div>\n\t\t\t\t<\/div>\n\t\t\t\t<\/div>\n\t\t\t\t\t<\/div>\n\t\t\t\t<\/div>\n\t\t\t\t<\/div>\n\t\t","protected":false},"excerpt":{"rendered":"<p>Herbal Aloe Shampoo 250ml Quero adiquirir SHAMPOO FORTIFICANTE | HERBAL ALOE Shampoo para uso di\u00e1rio, com prote\u00ednas de trigo hidrolisadas que penetram no cabelo e o fortificam e limpadores macios que geram espuma abundante.\u00a0Aloe vera adiciona umidade ao cabelo, deixa o cabelo 10 vezes mais forte ap\u00f3s a primeira aplica\u00e7\u00e3o e reduz o cabelo quebradi\u00e7o [&hellip;]<\/p>\n","protected":false},"author":1,"featured_media":0,"parent":0,"menu_order":0,"comment_status":"closed","ping_status":"closed","template":"elementor_header_footer","meta":{"footnotes":""},"_links":{"self":[{"href":"https:\/\/meuherba.com\/index.php\/wp-json\/wp\/v2\/pages\/1038"}],"collection":[{"href":"https:\/\/meuherba.com\/index.php\/wp-json\/wp\/v2\/pages"}],"about":[{"href":"https:\/\/meuherba.com\/index.php\/wp-json\/wp\/v2\/types\/page"}],"author":[{"embeddable":true,"href":"https:\/\/meuherba.com\/index.php\/wp-json\/wp\/v2\/users\/1"}],"replies":[{"embeddable":true,"href":"https:\/\/meuherba.com\/index.php\/wp-json\/wp\/v2\/comments?post=1038"}],"version-history":[{"count":22,"href":"https:\/\/meuherba.com\/index.php\/wp-json\/wp\/v2\/pages\/1038\/revisions"}],"predecessor-version":[{"id":2155,"href":"https:\/\/meuherba.com\/index.php\/wp-json\/wp\/v2\/pages\/1038\/revisions\/2155"}],"wp:attachment":[{"href":"https:\/\/meuherba.com\/index.php\/wp-json\/wp\/v2\/media?parent=1038"}],"curies":[{"name":"wp","href":"https:\/\/api.w.org\/{rel}","templated":true}]}}